CRAN Package Check Results for Package mistral

Last updated on 2015-11-20 00:47:34.

Flavor Version Tinstall Tcheck Ttotal Status Flags
r-devel-linux-x86_64-debian-gcc 1.1-1 4.35 42.00 46.36 NOTE
r-devel-linux-x86_64-fedora-clang 1.1-1 95.84 NOTE
r-devel-linux-x86_64-fedora-gcc 1.1-1 98.24 NOTE
r-devel-osx-x86_64-clang 1.1-1 102.24 OK
r-devel-windows-ix86+x86_64 1.1-1 13.00 76.00 89.00 NOTE
r-patched-linux-x86_64 1.1-1 3.50 45.49 49.00 OK
r-patched-solaris-sparc 1.1-1 614.10 OK
r-patched-solaris-x86 1.1-1 122.40 OK
r-release-linux-x86_64 1.1-1 3.62 49.10 52.72 OK
r-release-osx-x86_64-mavericks 1.1-1 OK
r-release-windows-ix86+x86_64 1.1-1 12.00 75.00 87.00 OK
r-oldrel-windows-ix86+x86_64 1.1-1 17.00 105.00 122.00 OK

Check Details

Version: 1.1-1
Check: R code for possible problems
Result: NOTE
    AKMCS: no visible global function definition for ‘dev.new’
    AKMCS: no visible global function definition for ‘png’
    AKMCS: no visible global function definition for ‘par’
    AKMCS: no visible global function definition for ‘contour’
    AKMCS: no visible global function definition for ‘rnorm’
    AKMCS : rand: no visible global function definition for ‘rnorm’
    AKMCS: no visible global function definition for ‘kmeans’
    AKMCS: no visible global function definition for ‘symbols’
    AKMCS: no visible global function definition for ‘jpeg’
    AKMCS: no visible global function definition for ‘dev.off’
    FORM : G: no visible global function definition for ‘pnorm’
    FORM: no visible global function definition for ‘pnorm’
    FORM: no visible global function definition for ‘rnorm’
    FORM: no visible global function definition for ‘qnorm’
    MRM : Method.MC.monotone: no visible global function definition for
     ‘runif’
    MRM : Method.MC.monotone: no visible global function definition for
     ‘flush.console’
    MRM : Method.MC.monotone: no visible global function definition for
     ‘qnorm’
    MRM : SIM: no visible global function definition for ‘runif’
    MRM : Choix.method.1.1: no visible global function definition for
     ‘runif’
    MRM : Choix.method.1.1: no visible global function definition for
     ‘flush.console’
    MRM : Choix.method.1.1: no visible global function definition for
     ‘optimize’
    MRM : Choix.method.1.1: no visible global function definition for
     ‘qnorm’
    MetaIS: no visible global function definition for ‘dev.new’
    MetaIS: no visible global function definition for ‘jpeg’
    MetaIS: no visible global function definition for ‘par’
    MetaIS: no visible global function definition for ‘symbols’
    MetaIS: no visible global function definition for ‘contour’
    MetaIS: no visible global function definition for ‘kmeans’
    MetaIS : MP: no visible global function definition for ‘pnorm’
    MetaIS : pi: no visible global function definition for ‘pnorm’
    MetaIS: no visible global function definition for ‘pnorm’
    MetaIS: no visible global function definition for ‘rnorm’
    MetaIS : <anonymous>: no visible global function definition for
     ‘kmeans’
    MetaIS : rand: no visible global function definition for ‘rnorm’
    MetaIS: no visible global function definition for ‘var’
    MetaIS : h : <anonymous>: no visible global function definition for
     ‘dnorm’
    MetaIS: no visible global function definition for ‘sd’
    MetropolisHastings: no visible global function definition for ‘runif’
    MonteCarlo: no visible global function definition for ‘rnorm’
    MonteCarlo: no visible global function definition for ‘dev.new’
    MonteCarlo: no visible global function definition for ‘jpeg’
    MonteCarlo: no visible global function definition for ‘par’
    MonteCarlo: no visible global function definition for ‘points’
    MonteCarlo: no visible global function definition for ‘contour’
    MonteCarlo: no visible global function definition for ‘dev.off’
    S2MART: no visible global function definition for ‘dev.new’
    S2MART: no visible global function definition for ‘jpeg’
    S2MART: no visible global function definition for ‘par’
    S2MART: no visible global function definition for ‘rnorm’
    S2MART: no visible global function definition for ‘dev.off’
    S2MART: no visible global function definition for ‘points’
    S2MART: no visible global function definition for ‘contour’
    SMART: no visible global function definition for ‘dev.new’
    SMART: no visible global function definition for ‘jpeg’
    SMART: no visible global function definition for ‘par’
    SMART: no visible global function definition for ‘rnorm’
    SMART: no visible global function definition for ‘kmeans’
    SMART: no visible global function definition for ‘symbols’
    SMART: no visible global function definition for ‘contour’
    SMART: no visible global function definition for ‘capture.output’
    SMART : rand: no visible global function definition for ‘rnorm’
    SMART: no visible global function definition for ‘dev.off’
    SubsetSimulation: no visible binding for global variable ‘dnorm’
    SubsetSimulation: no visible binding for global variable ‘rnorm’
    SubsetSimulation : proposal_pdf: no visible global function definition
     for ‘runif’
    SubsetSimulation: no visible global function definition for ‘dev.new’
    SubsetSimulation: no visible global function definition for ‘jpeg’
    SubsetSimulation: no visible global function definition for ‘par’
    SubsetSimulation: no visible global function definition for ‘points’
    SubsetSimulation: no visible global function definition for ‘contour’
    SubsetSimulation: no visible global function definition for
     ‘capture.output’
    SubsetSimulation: no visible global function definition for ‘dev.off’
    Uniform: no visible global function definition for ‘runif’
    ZtoX: no visible global function definition for ‘qunif’
    ZtoX: no visible global function definition for ‘pnorm’
    ZtoX: no visible global function definition for ‘qweibull’
    ZtoX: no visible global function definition for ‘qgamma’
    ZtoX: no visible global function definition for ‘qbeta’
    clusterize: no visible global function definition for ‘kmeans’
    generateWithAR : rand: no visible global function definition for
     ‘rnorm’
    inMargin: no visible global function definition for ‘qnorm’
    runifSphere: no visible global function definition for ‘rnorm’
    runifSphere : <anonymous>: no visible global function definition for
     ‘runif’
    trainModel: no visible global function definition for ‘capture.output’
    Undefined global functions or variables:
     capture.output contour dev.new dev.off dnorm flush.console jpeg
     kmeans optimize par png pnorm points qbeta qgamma qnorm qunif
     qweibull rnorm runif sd symbols var
    Consider adding
     importFrom("grDevices", "dev.new", "dev.off", "jpeg", "png")
     importFrom("graphics", "contour", "par", "points", "symbols")
     importFrom("stats", "dnorm", "kmeans", "optimize", "pnorm", "qbeta",
     "qgamma", "qnorm", "qunif", "qweibull", "rnorm", "runif",
     "sd", "var")
     importFrom("utils", "capture.output", "flush.console")
    to your NAMESPACE.
Flavors: r-devel-linux-x86_64-debian-gcc, r-devel-linux-x86_64-fedora-clang, r-devel-linux-x86_64-fedora-gcc, r-devel-windows-ix86+x86_64