CRAN Package Check Results for Package mitml

Last updated on 2015-11-20 00:47:34.

Flavor Version Tinstall Tcheck Ttotal Status Flags
r-devel-linux-x86_64-debian-gcc 0.2-4 0.71 22.70 23.41 OK
r-devel-linux-x86_64-fedora-clang 0.2-4 44.51 OK
r-devel-linux-x86_64-fedora-gcc 0.2-4 42.21 OK
r-devel-osx-x86_64-clang 0.2-4 50.08 OK
r-devel-windows-ix86+x86_64 0.2-4 4.00 43.00 47.00 OK
r-patched-linux-x86_64 0.2-4 0.77 23.79 24.56 OK
r-patched-solaris-sparc 0.2-4 354.60 OK
r-patched-solaris-x86 0.2-4 47.40 ERROR
r-release-linux-x86_64 0.2-4 0.72 24.94 25.66 OK
r-release-osx-x86_64-mavericks 0.2-4 OK
r-release-windows-ix86+x86_64 0.2-4 4.00 44.00 48.00 OK
r-oldrel-windows-ix86+x86_64 0.2-4 4.00 48.00 52.00 OK

Check Details

Version: 0.2-4
Check: examples
Result: ERROR
    Running examples in ‘mitml-Ex.R’ failed
    The error most likely occurred in:
    
    > ### Name: summary.mitml
    > ### Title: Summary measures for imputation models
    > ### Aliases: summary.mitml
    > ### Keywords: methods
    >
    > ### ** Examples
    >
    > data(studentratings)
    >
    > fml <- ReadDis + SES ~ ReadAchiev + (1|ID)
    > imp <- panImpute(studentratings, formula=fml, n.burn=1000, n.iter=100, m=5)
    Running burn-in phase ...
    Creating imputed data set ( 1 / 5 ) ...
    Creating imputed data set ( 2 / 5 ) ...
    Creating imputed data set ( 3 / 5 ) ...
    Creating imputed data set ( 4 / 5 ) ...
    Creating imputed data set ( 5 / 5 ) ...
    Done!
    >
    > # print summary
    > summary(imp)
    
    Call:
    
    panImpute(data = studentratings, formula = fml, n.burn = 1000,
     n.iter = 100, m = 5)
    
    Cluster variable: ID
    Target variables: ReadDis SES
    Fixed effect predictors: (Intercept) ReadAchiev
    Random effect predictors: (Intercept)
    
    Performed 1000 burn-in iterations, and generated 5 imputed data sets,
    each 100 iterations apart.
    Error in quantile.default(z[, cc], 0.25) :
     missing values and NaN's not allowed if 'na.rm' is FALSE
    Calls: <Anonymous> ... sapply -> lapply -> FUN -> quantile -> quantile.default
    Execution halted
Flavor: r-patched-solaris-x86