Last updated on 2015-11-20 00:47:35.
Flavor | Version | Tinstall | Tcheck | Ttotal | Status | Flags |
---|---|---|---|---|---|---|
r-devel-linux-x86_64-debian-gcc | 0.1 | 4.53 | 158.94 | 163.47 | OK | |
r-devel-linux-x86_64-fedora-clang | 0.1 | 364.44 | OK | |||
r-devel-linux-x86_64-fedora-gcc | 0.1 | 343.35 | OK | |||
r-devel-osx-x86_64-clang | 0.1 | 380.10 | OK | |||
r-devel-windows-ix86+x86_64 | 0.1 | 25.00 | 283.00 | 308.00 | OK | |
r-patched-linux-x86_64 | 0.1 | 5.14 | 218.28 | 223.42 | OK | |
r-patched-solaris-sparc | 0.1 | 2507.60 | OK | |||
r-patched-solaris-x86 | 0.1 | 513.90 | OK | |||
r-release-linux-x86_64 | 0.1 | 4.86 | 217.12 | 221.97 | OK | |
r-release-osx-x86_64-mavericks | 0.1 | NOTE | ||||
r-release-windows-ix86+x86_64 | 0.1 | 22.00 | 338.00 | 360.00 | OK | |
r-oldrel-windows-ix86+x86_64 | 0.1 | 34.00 | 443.00 | 477.00 | OK |
Version: 0.1
Check: re-building of vignette outputs
Result: NOTE
Error in re-building vignettes:
...
Loading required package: splancs
Loading required package: sp
Spatial Point Pattern Analysis Code in S-Plus
Version 2 - Spatial and Space-Time analysis
Loading required package: psych
Attaching package: 'psych'
The following objects are masked from 'package:spatstat':
reflect, rescale
The following object is masked from 'package:ggplot2':
%+%
Loading required package: geomorph
Loading required package: rgl
Quitting from lines 27-29 (molaR_vignette.Rmd)
Error: processing vignette 'molaR_vignette.Rmd' failed with diagnostics:
rgl.open failed
Execution halted
Flavor: r-release-osx-x86_64-mavericks