Last updated on 2015-11-20 00:47:35.
Flavor | Version | Tinstall | Tcheck | Ttotal | Status | Flags |
---|---|---|---|---|---|---|
r-devel-linux-x86_64-debian-gcc | 0.2-0 | 1.01 | 39.22 | 40.23 | NOTE | |
r-devel-linux-x86_64-fedora-clang | 0.2-0 | 74.17 | NOTE | |||
r-devel-linux-x86_64-fedora-gcc | 0.2-0 | 67.81 | NOTE | |||
r-devel-osx-x86_64-clang | 0.2-0 | 82.41 | NOTE | |||
r-devel-windows-ix86+x86_64 | 0.2-0 | 10.00 | 64.00 | 74.00 | OK | |
r-patched-linux-x86_64 | 0.2-0 | 1.09 | 35.88 | 36.97 | NOTE | |
r-patched-solaris-sparc | 0.2-0 | 392.80 | OK | |||
r-patched-solaris-x86 | 0.2-0 | 79.30 | OK | |||
r-release-linux-x86_64 | 0.2-0 | 1.03 | 43.22 | 44.26 | NOTE | |
r-release-osx-x86_64-mavericks | 0.2-0 | NOTE | ||||
r-release-windows-ix86+x86_64 | 0.2-0 | 11.00 | 88.00 | 99.00 | OK | |
r-oldrel-windows-ix86+x86_64 | 0.2-0 | 13.00 | 88.00 | 101.00 | OK |
Version: 0.2-0
Check: package dependencies
Result: NOTE
Package suggested but not available for checking: ‘corpus.useR.2008.abstracts’
Flavors: r-devel-linux-x86_64-debian-gcc, r-devel-linux-x86_64-fedora-clang, r-devel-linux-x86_64-fedora-gcc, r-devel-osx-x86_64-clang, r-patched-linux-x86_64, r-release-linux-x86_64, r-release-osx-x86_64-mavericks