Last updated on 2015-11-20 00:47:35.
Flavor | Version | Tinstall | Tcheck | Ttotal | Status | Flags |
---|---|---|---|---|---|---|
r-devel-linux-x86_64-debian-gcc | 0.1-10 | 2.77 | 30.79 | 33.56 | OK | |
r-devel-linux-x86_64-fedora-clang | 0.1-10 | 72.71 | NOTE | |||
r-devel-linux-x86_64-fedora-gcc | 0.1-10 | 75.80 | NOTE | |||
r-devel-osx-x86_64-clang | 0.1-10 | 73.00 | OK | |||
r-devel-windows-ix86+x86_64 | 0.1-10 | 14.00 | 51.00 | 65.00 | NOTE | |
r-patched-linux-x86_64 | 0.1-10 | 2.83 | 33.94 | 36.77 | OK | |
r-patched-solaris-sparc | 0.1-10 | 397.00 | OK | |||
r-patched-solaris-x86 | 0.1-10 | 90.70 | OK | |||
r-release-linux-x86_64 | 0.1-10 | 2.75 | 32.12 | 34.86 | OK | |
r-release-osx-x86_64-mavericks | 0.1-10 | OK | ||||
r-release-windows-ix86+x86_64 | 0.1-10 | 11.00 | 50.00 | 61.00 | OK | |
r-oldrel-windows-ix86+x86_64 | 0.1-10 | 22.00 | 87.00 | 109.00 | OK |
Version: 0.1-10
Check: whether the namespace can be loaded with stated dependencies
Result: NOTE
Warning in fun(libname, pkgname) :
JRI.jar seems to be missing from the classpath.The graphical user interface will most likely not be available.Compile R with shared library enabled (--enable-R-shlib option)and reinstall rJava to use JRI functionality.
A namespace must be able to be loaded with just the base namespace
loaded: otherwise if the namespace gets loaded by a saved object, the
session will be unable to start.
Probably some imports need to be declared in the NAMESPACE file.
Flavors: r-devel-linux-x86_64-fedora-clang, r-devel-linux-x86_64-fedora-gcc, r-devel-windows-ix86+x86_64