CRAN Package Check Results for Package openNLP

Last updated on 2015-11-20 00:47:37.

Flavor Version Tinstall Tcheck Ttotal Status Flags
r-devel-linux-x86_64-debian-gcc 0.2-5 1.17 16.75 17.92 NOTE
r-devel-linux-x86_64-fedora-clang 0.2-5 39.55 NOTE
r-devel-linux-x86_64-fedora-gcc 0.2-5 41.09 NOTE
r-devel-osx-x86_64-clang 0.2-5 42.58 NOTE
r-devel-windows-ix86+x86_64 0.2-5 5.00 34.00 39.00 NOTE
r-patched-linux-x86_64 0.2-5 1.36 18.66 20.02 NOTE
r-patched-solaris-sparc 0.2-5 250.20 NOTE
r-patched-solaris-x86 0.2-5 52.30 NOTE
r-release-linux-x86_64 0.2-5 1.29 19.27 20.56 NOTE
r-release-osx-x86_64-mavericks 0.2-5 NOTE
r-release-windows-ix86+x86_64 0.2-5 6.00 32.00 38.00 NOTE
r-oldrel-windows-ix86+x86_64 0.2-5 8.00 41.00 49.00 NOTE

Check Details

Version: 0.2-5
Check: package dependencies
Result: NOTE
    Package suggested but not available for checking: ‘openNLPmodels.en’
Flavors: r-devel-linux-x86_64-debian-gcc, r-devel-linux-x86_64-fedora-clang, r-devel-linux-x86_64-fedora-gcc, r-devel-osx-x86_64-clang, r-devel-windows-ix86+x86_64, r-patched-linux-x86_64, r-patched-solaris-sparc, r-patched-solaris-x86, r-release-linux-x86_64, r-release-osx-x86_64-mavericks, r-release-windows-ix86+x86_64, r-oldrel-windows-ix86+x86_64