Last updated on 2015-11-20 00:47:37.
Flavor | Version | Tinstall | Tcheck | Ttotal | Status | Flags |
---|---|---|---|---|---|---|
r-devel-linux-x86_64-debian-gcc | 3.0.0 | 23.52 | 43.66 | 67.19 | NOTE | |
r-devel-linux-x86_64-fedora-clang | 3.0.0 | 124.30 | OK | |||
r-devel-linux-x86_64-fedora-gcc | 3.0.0 | 129.00 | NOTE | |||
r-devel-osx-x86_64-clang | 3.0.0 | 128.46 | OK | |||
r-devel-windows-ix86+x86_64 | 3.0.0 | 67.00 | 139.00 | 206.00 | OK | |
r-patched-linux-x86_64 | 3.0.0 | 23.34 | 43.54 | 66.88 | NOTE | |
r-patched-solaris-sparc | 3.0.0 | 762.40 | OK | |||
r-patched-solaris-x86 | 3.0.0 | 149.60 | OK | |||
r-release-linux-x86_64 | 3.0.0 | 22.90 | 45.97 | 68.87 | NOTE | |
r-release-osx-x86_64-mavericks | 3.0.0 | OK | ||||
r-release-windows-ix86+x86_64 | 3.0.0 | 67.00 | 147.00 | 214.00 | OK | |
r-oldrel-windows-ix86+x86_64 | 3.0.0 | 70.00 | 152.00 | 222.00 | OK |
Version: 3.0.0
Check: installed package size
Result: NOTE
installed size is 5.6Mb
sub-directories of 1Mb or more:
libs 4.0Mb
Flavors: r-devel-linux-x86_64-debian-gcc, r-devel-linux-x86_64-fedora-gcc, r-patched-linux-x86_64, r-release-linux-x86_64