CRAN Package Check Results for Package ordinalCont

Last updated on 2015-11-20 00:47:37.

Flavor Version Tinstall Tcheck Ttotal Status Flags
r-devel-linux-x86_64-debian-gcc 0.4 1.36 19.72 21.08 NOTE
r-devel-linux-x86_64-fedora-clang 0.4 39.62 NOTE
r-devel-linux-x86_64-fedora-gcc 0.4 36.61 NOTE
r-devel-osx-x86_64-clang 0.4 40.66 OK
r-devel-windows-ix86+x86_64 0.4 9.00 43.00 52.00 NOTE
r-patched-linux-x86_64 0.4 1.17 20.44 21.61 OK
r-patched-solaris-sparc 0.4 251.00 OK
r-patched-solaris-x86 0.4 54.10 OK
r-release-linux-x86_64 0.4 1.06 21.16 22.21 OK
r-release-osx-x86_64-mavericks 0.4 OK
r-release-windows-ix86+x86_64 0.4 6.00 43.00 49.00 OK
r-oldrel-windows-ix86+x86_64 0.4 9.00 52.00 61.00 OK

Check Details

Version: 0.4
Check: R code for possible problems
Result: NOTE
    anova.ocm: no visible global function definition for ‘pchisq’
    anova.ocmm: no visible global function definition for ‘pchisq’
    fix.x.bootstrap: no visible global function definition for ‘residuals’
    fix.x.bootstrap: no visible global function definition for ‘tail’
    fix.x.bootstrap: no visible global function definition for ‘update’
    fix.x.bootstrap: no visible global function definition for
     ‘coefficients’
    mvrnormR: no visible global function definition for ‘rnorm’
    ocm: no visible global function definition for ‘terms’
    ocm: no visible global function definition for ‘update’
    ocm: no visible global function definition for ‘model.frame’
    ocm: no visible global function definition for ‘model.matrix’
    ocm: no visible global function definition for ‘model.response’
    ocmEst: no visible global function definition for ‘optim’
    ocmm: no visible global function definition for ‘update’
    ocmm: no visible global function definition for ‘as.formula’
    ocmm: no visible global function definition for ‘model.frame’
    ocmm: no visible global function definition for ‘model.matrix’
    ocmm: no visible global function definition for ‘model.response’
    ocmmEst: no visible global function definition for ‘optim’
    param.bootstrap: no visible global function definition for ‘rlogis’
    param.bootstrap: no visible global function definition for ‘tail’
    param.bootstrap: no visible global function definition for ‘update’
    param.bootstrap: no visible global function definition for
     ‘coefficients’
    plot.ocm: no visible global function definition for ‘coef’
    plot.ocm : <anonymous>: no visible global function definition for
     ‘quantile’
    plot.ocm: no visible global function definition for ‘plot’
    plot.ocm: no visible global function definition for ‘polygon’
    plot.ocm: no visible global function definition for ‘lines’
    plot.ocmm: no visible global function definition for ‘coef’
    plot.ocmm : <anonymous>: no visible global function definition for
     ‘quantile’
    plot.ocmm: no visible global function definition for ‘plot’
    plot.ocmm: no visible global function definition for ‘polygon’
    plot.ocmm: no visible global function definition for ‘lines’
    plot.predict.ocm: no visible global function definition for ‘plot’
    plot.predict.ocm: no visible global function definition for ‘lines’
    predict.ocm: no visible global function definition for ‘coef’
    predict.ocm: no visible global function definition for ‘model.matrix’
    print.anova.ocm: no visible global function definition for
     ‘printCoefmat’
    print.anova.ocmm: no visible global function definition for
     ‘printCoefmat’
    print.predict.ocm: no visible global function definition for ‘update’
    print.summary.ocm: no visible global function definition for
     ‘printCoefmat’
    print.summary.ocmm: no visible global function definition for
     ‘printCoefmat’
    rnd.x.bootstrap: no visible global function definition for ‘update’
    rnd.x.bootstrap: no visible global function definition for
     ‘coefficients’
    set.beta_start: no visible global function definition for ‘median’
    set.beta_start: no visible global function definition for ‘coef’
    set.beta_start: no visible global function definition for ‘glm’
    set.beta_start: no visible global function definition for ‘binomial’
    summary.ocm: no visible global function definition for ‘coef’
    summary.ocm: no visible global function definition for ‘pt’
    summary.ocmm: no visible global function definition for ‘coef’
    summary.ocmm: no visible global function definition for ‘pt’
    Undefined global functions or variables:
     as.formula binomial coef coefficients glm lines median model.frame
     model.matrix model.response optim pchisq plot polygon printCoefmat pt
     quantile residuals rlogis rnorm tail terms update
    Consider adding
     importFrom("graphics", "lines", "plot", "polygon")
     importFrom("stats", "as.formula", "binomial", "coef", "coefficients",
     "glm", "median", "model.frame", "model.matrix",
     "model.response", "optim", "pchisq", "printCoefmat", "pt",
     "quantile", "residuals", "rlogis", "rnorm", "terms",
     "update")
     importFrom("utils", "tail")
    to your NAMESPACE.
Flavors: r-devel-linux-x86_64-debian-gcc, r-devel-linux-x86_64-fedora-clang, r-devel-linux-x86_64-fedora-gcc, r-devel-windows-ix86+x86_64