Last updated on 2015-11-20 00:47:37.
Flavor | Version | Tinstall | Tcheck | Ttotal | Status | Flags |
---|---|---|---|---|---|---|
r-devel-linux-x86_64-debian-gcc | 0.0-7 | 1.06 | 14.64 | 15.70 | OK | |
r-devel-linux-x86_64-fedora-clang | 0.0-7 | 30.50 | OK | |||
r-devel-linux-x86_64-fedora-gcc | 0.0-7 | 26.96 | OK | |||
r-devel-osx-x86_64-clang | 0.0-7 | 36.08 | OK | |||
r-devel-windows-ix86+x86_64 | 0.0-7 | 6.00 | 40.00 | 46.00 | ERROR | |
r-patched-linux-x86_64 | 0.0-7 | 1.21 | 15.46 | 16.67 | OK | |
r-patched-solaris-sparc | 0.0-7 | 195.40 | OK | |||
r-patched-solaris-x86 | 0.0-7 | 46.40 | OK | |||
r-release-linux-x86_64 | 0.0-7 | 1.04 | 16.46 | 17.50 | OK | |
r-release-osx-x86_64-mavericks | 0.0-7 | OK | ||||
r-release-windows-ix86+x86_64 | 0.0-7 | 5.00 | 43.00 | 48.00 | ERROR | |
r-oldrel-windows-ix86+x86_64 | 0.0-7 | 10.00 | 55.00 | 65.00 | ERROR |
Version: 0.0-7
Check: tests
Result: ERROR
Running the tests in 'tests/testthat.R' failed.
Last 13 lines of output:
5. Failure (at test_decompose_path.R#221): decompose_path handles the current directory as '.'.
6. Failure (at test_decompose_path.R#236): decompose_path handles the parent directory as '..'.
7. Failure (at test_decompose_path.R#251): decompose_path handles files inside '.'.
8. Failure (at test_decompose_path.R#321): decompose_path works with a character vector input.
9. Failure (at test_decompose_path.R#333): decompose_path works with a factor input.
1. Failure (at test_strip_extension.R#12): strip_extension works with paths with no directory and a single extension in the filename.
2. Failure (at test_strip_extension.R#44): strip_extension works with paths with no directory and a double extension in the filename.
3. Failure (at test_strip_extension.R#76): strip_extension works with paths with no directory and no extension in the filename.
4. Failure (at test_strip_extension.R#108): strip_extension handles filenames containing a '.' and an extension.
5. ...
Error: testthat unit tests failed
Execution halted
Flavors: r-devel-windows-ix86+x86_64, r-release-windows-ix86+x86_64, r-oldrel-windows-ix86+x86_64