Last updated on 2015-11-20 00:47:37.
Flavor | Version | Tinstall | Tcheck | Ttotal | Status | Flags |
---|---|---|---|---|---|---|
r-devel-linux-x86_64-debian-gcc | 0.2-0 | 77.71 | 19.91 | 97.62 | NOTE | |
r-devel-linux-x86_64-fedora-clang | 0.2-0 | 179.86 | NOTE | |||
r-devel-linux-x86_64-fedora-gcc | 0.2-0 | 180.41 | NOTE | |||
r-devel-osx-x86_64-clang | 0.2-0 | 220.05 | NOTE | |||
r-devel-windows-ix86+x86_64 | 0.2-0 | 530.00 | 48.00 | 578.00 | NOTE | |
r-patched-linux-x86_64 | 0.2-0 | 78.06 | 19.95 | 98.02 | NOTE | |
r-patched-solaris-sparc | 0.2-0 | 936.30 | OK | |||
r-patched-solaris-x86 | 0.2-0 | 231.10 | OK | |||
r-release-linux-x86_64 | 0.2-0 | 78.14 | 21.07 | 99.21 | NOTE | |
r-release-osx-x86_64-mavericks | 0.2-0 | ERROR | ||||
r-release-windows-ix86+x86_64 | 0.2-0 | 482.00 | 46.00 | 528.00 | NOTE | |
r-oldrel-windows-ix86+x86_64 | 0.2-0 | 530.00 | 50.00 | 580.00 | NOTE |
Version: 0.2-0
Check: installed package size
Result: NOTE
installed size is 11.2Mb
sub-directories of 1Mb or more:
lib 10.7Mb
Flavors: r-devel-linux-x86_64-debian-gcc, r-devel-linux-x86_64-fedora-clang, r-devel-linux-x86_64-fedora-gcc, r-devel-osx-x86_64-clang, r-devel-windows-ix86+x86_64, r-patched-linux-x86_64, r-release-linux-x86_64, r-release-windows-ix86+x86_64, r-oldrel-windows-ix86+x86_64
Version: 0.2-0
Check: package dependencies
Result: ERROR
Package required but not available: ‘pbdMPI’
See section ‘The DESCRIPTION file’ in the ‘Writing R Extensions’
manual.
Flavor: r-release-osx-x86_64-mavericks