CRAN Package Check Results for Package pkgKitten

Last updated on 2015-11-20 00:47:38.

Flavor Version Tinstall Tcheck Ttotal Status Flags
r-devel-linux-x86_64-debian-gcc 0.1.3 0.48 14.12 14.60 NOTE
r-devel-linux-x86_64-fedora-clang 0.1.3 29.65 NOTE
r-devel-linux-x86_64-fedora-gcc 0.1.3 27.01 NOTE
r-devel-osx-x86_64-clang 0.1.3 37.86 OK
r-devel-windows-ix86+x86_64 0.1.3 4.00 37.00 41.00 NOTE
r-patched-linux-x86_64 0.1.3 0.52 14.67 15.18 OK
r-patched-solaris-sparc 0.1.3 177.60 OK
r-patched-solaris-x86 0.1.3 43.70 OK
r-release-linux-x86_64 0.1.3 0.64 15.45 16.09 OK
r-release-osx-x86_64-mavericks 0.1.3 OK
r-release-windows-ix86+x86_64 0.1.3 4.00 35.00 39.00 OK
r-oldrel-windows-ix86+x86_64 0.1.3 4.00 35.00 39.00 OK

Check Details

Version: 0.1.3
Check: R code for possible problems
Result: NOTE
    kitten: no visible binding for global variable ‘package.skeleton’
    Undefined global functions or variables:
     package.skeleton
    Consider adding
     importFrom("utils", "package.skeleton")
    to your NAMESPACE.
Flavors: r-devel-linux-x86_64-debian-gcc, r-devel-linux-x86_64-fedora-clang, r-devel-linux-x86_64-fedora-gcc, r-devel-windows-ix86+x86_64