Last updated on 2015-11-20 00:47:39.
Flavor | Version | Tinstall | Tcheck | Ttotal | Status | Flags |
---|---|---|---|---|---|---|
r-devel-linux-x86_64-debian-gcc | 0.1-0 | 0.94 | 10.34 | 11.27 | NOTE | |
r-devel-linux-x86_64-fedora-clang | 0.1-0 | 22.14 | NOTE | |||
r-devel-linux-x86_64-fedora-gcc | 0.1-0 | 20.73 | NOTE | |||
r-devel-osx-x86_64-clang | 0.1-0 | 26.02 | OK | |||
r-devel-windows-ix86+x86_64 | 0.1-0 | 5.00 | 23.00 | 28.00 | NOTE | |
r-patched-linux-x86_64 | 0.1-0 | 1.14 | 11.44 | 12.58 | OK | |
r-patched-solaris-sparc | 0.1-0 | 140.40 | OK | |||
r-patched-solaris-x86 | 0.1-0 | 28.90 | OK | |||
r-release-linux-x86_64 | 0.1-0 | 1.40 | 11.92 | 13.32 | OK | |
r-release-osx-x86_64-mavericks | 0.1-0 | OK | ||||
r-release-windows-ix86+x86_64 | 0.1-0 | 3.00 | 23.00 | 26.00 | OK | |
r-oldrel-windows-ix86+x86_64 | 0.1-0 | 5.00 | 22.00 | 27.00 | OK |
Version: 0.1-0
Check: R code for possible problems
Result: NOTE
plotProfileCallGraph: no visible global function definition for
‘heat.colors’
plotProfileCallGraph: no visible global function definition for ‘hsv’
profileCallGraph2Dot: no visible global function definition for
‘heat.colors’
profileCallGraph2Dot: no visible global function definition for ‘hsv’
Undefined global functions or variables:
heat.colors hsv
Consider adding
importFrom("grDevices", "heat.colors", "hsv")
to your NAMESPACE.
Flavors: r-devel-linux-x86_64-debian-gcc, r-devel-linux-x86_64-fedora-clang, r-devel-linux-x86_64-fedora-gcc, r-devel-windows-ix86+x86_64