CRAN Package Check Results for Package pryr

Last updated on 2015-11-20 00:47:39.

Flavor Version Tinstall Tcheck Ttotal Status Flags
r-devel-linux-x86_64-debian-gcc 0.1.2 22.40 18.85 41.26 NOTE
r-devel-linux-x86_64-fedora-clang 0.1.2 90.74 NOTE
r-devel-linux-x86_64-fedora-gcc 0.1.2 78.50 NOTE
r-devel-osx-x86_64-clang 0.1.2 80.90 OK
r-devel-windows-ix86+x86_64 0.1.2 98.00 59.00 157.00 NOTE
r-patched-linux-x86_64 0.1.2 22.90 19.75 42.64 NOTE
r-patched-solaris-sparc 0.1.2 495.00 NOTE
r-patched-solaris-x86 0.1.2 94.60 NOTE
r-release-linux-x86_64 0.1.2 22.66 20.33 42.99 NOTE
r-release-osx-x86_64-mavericks 0.1.2 NOTE
r-release-windows-ix86+x86_64 0.1.2 100.00 57.00 157.00 NOTE
r-oldrel-windows-ix86+x86_64 0.1.2 101.00 68.00 169.00 NOTE

Check Details

Version: 0.1.2
Check: R code for possible problems
Result: NOTE
    compare_size: no visible global function definition for ‘object.size’
    f: no visible global function definition for ‘setNames’
    internal_generics: no visible global function definition for
     ‘getGroupMembers’
    method_from_call: no visible global function definition for
     ‘getGeneric’
    method_from_call: no visible global function definition for
     ‘selectMethod’
    names_c: no visible global function definition for ‘read.csv’
    primitive_name: no visible global function definition for
     ‘capture.output’
    show_c_source: no visible global function definition for ‘URLencode’
    show_c_source: no visible global function definition for ‘browseURL’
    Undefined global functions or variables:
     URLencode browseURL capture.output getGeneric getGroupMembers
     object.size read.csv selectMethod setNames
    Consider adding
     importFrom("methods", "getGeneric", "getGroupMembers", "selectMethod")
     importFrom("stats", "setNames")
     importFrom("utils", "URLencode", "browseURL", "capture.output",
     "object.size", "read.csv")
    to your NAMESPACE (and ensure that your DESCRIPTION Imports field
    contains 'methods').
Flavors: r-devel-linux-x86_64-debian-gcc, r-devel-linux-x86_64-fedora-clang, r-devel-linux-x86_64-fedora-gcc, r-devel-windows-ix86+x86_64

Version: 0.1.2
Check: dependencies in R code
Result: NOTE
    Missing or unexported object: ‘tools::nonS3methods’
Flavors: r-patched-linux-x86_64, r-patched-solaris-sparc, r-patched-solaris-x86, r-release-linux-x86_64, r-release-osx-x86_64-mavericks, r-release-windows-ix86+x86_64, r-oldrel-windows-ix86+x86_64