CRAN Package Check Results for Package rGammaGamma

Last updated on 2015-11-20 00:47:42.

Flavor Version Tinstall Tcheck Ttotal Status Flags
r-devel-linux-x86_64-debian-gcc 1.0.12 0.54 7.43 7.97 NOTE
r-devel-linux-x86_64-fedora-clang 1.0.12 15.19 NOTE
r-devel-linux-x86_64-fedora-gcc 1.0.12 13.71 NOTE
r-devel-osx-x86_64-clang 1.0.12 19.25 NOTE
r-devel-windows-ix86+x86_64 1.0.12 5.00 20.00 25.00 NOTE
r-patched-linux-x86_64 1.0.12 0.53 7.83 8.36 NOTE
r-patched-solaris-sparc 1.0.12 99.70 NOTE
r-patched-solaris-x86 1.0.12 23.00 NOTE
r-release-linux-x86_64 1.0.12 0.52 9.12 9.65 NOTE
r-release-osx-x86_64-mavericks 1.0.12 NOTE
r-release-windows-ix86+x86_64 1.0.12 5.00 17.00 22.00 NOTE
r-oldrel-windows-ix86+x86_64 1.0.12 5.00 19.00 24.00 NOTE

Check Details

Version: 1.0.12
Check: DESCRIPTION meta-information
Result: NOTE
    Malformed Title field: should not end in a period.
Flavors: r-devel-linux-x86_64-debian-gcc, r-devel-linux-x86_64-fedora-clang, r-devel-linux-x86_64-fedora-gcc, r-devel-osx-x86_64-clang, r-devel-windows-ix86+x86_64, r-patched-linux-x86_64, r-patched-solaris-sparc, r-patched-solaris-x86, r-release-linux-x86_64, r-release-osx-x86_64-mavericks, r-release-windows-ix86+x86_64

Version: 1.0.12
Check: dependencies in R code
Result: NOTE
    Package in Depends field not imported from: ‘gsl’
     These packages need to be imported from (in the NAMESPACE file)
     for when this namespace is loaded but not attached.
Flavors: r-devel-linux-x86_64-debian-gcc, r-devel-linux-x86_64-fedora-clang, r-devel-linux-x86_64-fedora-gcc, r-devel-osx-x86_64-clang, r-devel-windows-ix86+x86_64, r-patched-linux-x86_64, r-patched-solaris-sparc, r-patched-solaris-x86, r-release-linux-x86_64, r-release-osx-x86_64-mavericks, r-release-windows-ix86+x86_64, r-oldrel-windows-ix86+x86_64

Version: 1.0.12
Check: R code for possible problems
Result: NOTE
    gammaIntegral: no visible global function definition for ‘integrate’
    gammaIntegral : <anonymous>: no visible global function definition for
     ‘hyperg_1F1’
    gammaMLE: no visible global function definition for ‘weighted.mean’
    gammaMME: no visible binding for global variable ‘sd’
    gammaMME: no visible binding for global variable ‘var’
    Undefined global functions or variables:
     hyperg_1F1 integrate sd var weighted.mean
    Consider adding
     importFrom("stats", "integrate", "sd", "var", "weighted.mean")
    to your NAMESPACE.
Flavors: r-devel-linux-x86_64-debian-gcc, r-devel-linux-x86_64-fedora-clang, r-devel-linux-x86_64-fedora-gcc, r-devel-windows-ix86+x86_64

Version: 1.0.12
Check: R code for possible problems
Result: NOTE
    gammaIntegral : <anonymous>: no visible global function definition for
     ‘hyperg_1F1’
    Undefined global functions or variables:
     hyperg_1F1
Flavor: r-devel-osx-x86_64-clang

Version: 1.0.12
Check: R code for possible problems
Result: NOTE
    gammaIntegral : <anonymous>: no visible global function definition for
     ‘hyperg_1F1’
Flavors: r-patched-linux-x86_64, r-patched-solaris-sparc, r-patched-solaris-x86, r-release-linux-x86_64, r-release-osx-x86_64-mavericks, r-release-windows-ix86+x86_64, r-oldrel-windows-ix86+x86_64