CRAN Package Check Results for Package redist

Last updated on 2015-11-20 00:47:41.

Flavor Version Tinstall Tcheck Ttotal Status Flags
r-devel-linux-x86_64-debian-gcc 1.2 45.78 34.51 80.29 NOTE
r-devel-linux-x86_64-fedora-clang 1.2 172.43 NOTE
r-devel-linux-x86_64-fedora-gcc 1.2 166.22 NOTE
r-devel-osx-x86_64-clang 1.2 133.67 OK
r-devel-windows-ix86+x86_64 1.2 174.00 93.00 267.00 OK
r-patched-linux-x86_64 1.2 45.16 36.15 81.31 NOTE
r-patched-solaris-sparc 1.2 921.00 OK
r-patched-solaris-x86 1.2 181.80 OK
r-release-linux-x86_64 1.2 45.24 36.93 82.17 NOTE
r-release-osx-x86_64-mavericks 1.2 OK
r-release-windows-ix86+x86_64 1.2 161.00 136.00 297.00 OK
r-oldrel-windows-ix86+x86_64 1.2 176.00 163.00 339.00 OK

Check Details

Version: 1.2
Check: installed package size
Result: NOTE
     installed size is 5.9Mb
     sub-directories of 1Mb or more:
     data 1.7Mb
     libs 4.0Mb
Flavors: r-devel-linux-x86_64-debian-gcc, r-devel-linux-x86_64-fedora-clang, r-devel-linux-x86_64-fedora-gcc, r-patched-linux-x86_64, r-release-linux-x86_64