CRAN Package Check Results for Package reportRx

Last updated on 2015-11-20 00:47:42.

Flavor Version Tinstall Tcheck Ttotal Status Flags
r-devel-linux-x86_64-debian-gcc 1.0 1.83 23.83 25.66 NOTE
r-devel-linux-x86_64-fedora-clang 1.0 51.08 NOTE
r-devel-linux-x86_64-fedora-gcc 1.0 48.39 NOTE
r-devel-osx-x86_64-clang 1.0 56.84 OK
r-devel-windows-ix86+x86_64 1.0 10.00 45.00 55.00 NOTE
r-patched-linux-x86_64 1.0 1.92 25.29 27.21 OK
r-patched-solaris-sparc 1.0 337.10 OK
r-patched-solaris-x86 1.0 77.10 OK
r-release-linux-x86_64 1.0 1.96 26.02 27.98 OK
r-release-osx-x86_64-mavericks 1.0 OK
r-release-windows-ix86+x86_64 1.0 8.00 44.00 52.00 OK
r-oldrel-windows-ix86+x86_64 1.0 15.00 69.00 84.00 OK

Check Details

Version: 1.0
Check: R code for possible problems
Result: NOTE
    boxcoxfitRx: no visible global function definition for ‘as.formula’
    boxcoxfitRx: no visible global function definition for ‘lm’
    covsum : <anonymous>: no visible global function definition for
     ‘fisher.test’
    covsum : <anonymous>: no visible global function definition for
     ‘chisq.test’
    covsum : <anonymous>: no visible global function definition for ‘lm’
    covsum : <anonymous> : <anonymous>: no visible global function
     definition for ‘sd’
    etsum: no visible global function definition for ‘as.formula’
    etsum : <anonymous>: no visible global function definition for
     ‘as.formula’
    etsum : <anonymous>: no visible global function definition for ‘median’
    etsum: no visible global function definition for ‘median’
    forestplot: no visible global function definition for ‘par’
    forestplot: no visible global function definition for ‘plot’
    forestplot: no visible global function definition for ‘abline’
    forestplot: no visible global function definition for ‘segments’
    forestplot: no visible global function definition for ‘axis’
    forestplot: no visible global function definition for ‘mtext’
    modelmatrix: no visible global function definition for ‘as.formula’
    modelmatrix: no visible global function definition for ‘model.matrix’
    plotci: no visible global function definition for ‘plot’
    plotci: no visible global function definition for ‘lines’
    plotci: no visible global function definition for ‘legend’
    plotkm: no visible global function definition for ‘as.formula’
    plotkm: no visible global function definition for ‘pchisq’
    plotkm: no visible global function definition for ‘plot’
    uvsum : <anonymous>: no visible global function definition for
     ‘as.formula’
    uvsum : <anonymous>: no visible global function definition for ‘glm’
    uvsum : <anonymous>: no visible global function definition for ‘lm’
    Undefined global functions or variables:
     abline as.formula axis chisq.test fisher.test glm legend lines lm
     median model.matrix mtext par pchisq plot sd segments
    Consider adding
     importFrom("graphics", "abline", "axis", "legend", "lines", "mtext",
     "par", "plot", "segments")
     importFrom("stats", "as.formula", "chisq.test", "fisher.test", "glm",
     "lm", "median", "model.matrix", "pchisq", "sd")
    to your NAMESPACE.
Flavors: r-devel-linux-x86_64-debian-gcc, r-devel-linux-x86_64-fedora-clang, r-devel-linux-x86_64-fedora-gcc, r-devel-windows-ix86+x86_64