CRAN Package Check Results for Package rerddap

Last updated on 2015-11-20 00:47:42.

Flavor Version Tinstall Tcheck Ttotal Status Flags
r-devel-linux-x86_64-debian-gcc 0.3.0 1.53 21.23 22.76 OK
r-devel-linux-x86_64-fedora-clang 0.3.0 46.69 OK
r-devel-linux-x86_64-fedora-gcc 0.3.0 46.16 OK
r-devel-osx-x86_64-clang 0.3.0 54.35 OK
r-devel-windows-ix86+x86_64 0.3.0 9.00 48.00 57.00 NOTE
r-patched-linux-x86_64 0.3.0 1.72 22.66 24.38 OK
r-patched-solaris-sparc 0.3.0 307.40 OK
r-patched-solaris-x86 0.3.0 68.60 OK
r-release-linux-x86_64 0.3.0 1.81 24.62 26.43 OK
r-release-osx-x86_64-mavericks 0.3.0 OK
r-release-windows-ix86+x86_64 0.3.0 9.00 69.00 78.00 NOTE
r-oldrel-windows-ix86+x86_64 0.3.0 16.00 99.00 115.00 NOTE

Check Details

Version: 0.3.0
Check: package dependencies
Result: NOTE
    Package suggested but not available for checking: 'ncdf4'
Flavors: r-devel-windows-ix86+x86_64, r-release-windows-ix86+x86_64, r-oldrel-windows-ix86+x86_64

Version: 0.3.0
Check: R code for possible problems
Result: NOTE
    file_info_: no visible global function definition for 'file.size'
Flavor: r-oldrel-windows-ix86+x86_64