Last updated on 2015-11-20 00:47:42.
Flavor | Version | Tinstall | Tcheck | Ttotal | Status | Flags |
---|---|---|---|---|---|---|
r-devel-linux-x86_64-debian-gcc | 5.7-12.4 | 4.20 | 26.96 | 31.16 | NOTE | |
r-devel-linux-x86_64-fedora-clang | 5.7-12.4 | 55.15 | NOTE | |||
r-devel-linux-x86_64-fedora-gcc | 5.7-12.4 | 55.08 | NOTE | |||
r-devel-osx-x86_64-clang | 5.7-12.4 | 60.30 | NOTE | |||
r-devel-windows-ix86+x86_64 | 5.7-12.4 | 38.00 | 103.00 | 141.00 | NOTE | |
r-patched-linux-x86_64 | 5.7-12.4 | 4.26 | 25.70 | 29.95 | NOTE | |
r-patched-solaris-sparc | 5.7-12.4 | 359.80 | NOTE | |||
r-patched-solaris-x86 | 5.7-12.4 | 74.10 | NOTE | |||
r-release-linux-x86_64 | 5.7-12.4 | 4.12 | 26.69 | 30.82 | NOTE | |
r-release-osx-x86_64-mavericks | 5.7-12.4 | NOTE | ||||
r-release-windows-ix86+x86_64 | 5.7-12.4 | 27.00 | 102.00 | 129.00 | NOTE | |
r-oldrel-windows-ix86+x86_64 | 5.7-12.4 | 29.00 | 120.00 | 149.00 | NOTE |
Memtest notes: clang-UBSAN clang-UBSAN gcc-UBSAN gcc-UBSAN
Version: 5.7-12.4
Check: R code for possible problems
Result: NOTE
genoud: multiple local function definitions for ‘fn1.bfgs’ with
different formal arguments
genoud: multiple local function definitions for ‘gr1’ with different
formal arguments
genoud: multiple local function definitions for ‘hess.fn’ with
different formal arguments
genoud_transform: multiple local function definitions for ‘fn1.bfgs’
with different formal arguments
genoud_transform: multiple local function definitions for ‘gr1’ with
different formal arguments
Flavors: r-devel-linux-x86_64-debian-gcc, r-devel-linux-x86_64-fedora-clang, r-devel-linux-x86_64-fedora-gcc, r-devel-osx-x86_64-clang, r-devel-windows-ix86+x86_64, r-patched-linux-x86_64, r-patched-solaris-sparc, r-patched-solaris-x86, r-release-linux-x86_64, r-release-osx-x86_64-mavericks, r-release-windows-ix86+x86_64, r-oldrel-windows-ix86+x86_64