Last updated on 2015-11-20 00:47:43.
Flavor | Version | Tinstall | Tcheck | Ttotal | Status | Flags |
---|---|---|---|---|---|---|
r-devel-linux-x86_64-debian-gcc | 0.2.15 | 1.43 | 8.46 | 9.90 | NOTE | |
r-devel-linux-x86_64-fedora-clang | 0.2.15 | 19.76 | NOTE | |||
r-devel-linux-x86_64-fedora-gcc | 0.2.15 | 17.19 | NOTE | |||
r-devel-osx-x86_64-clang | 0.2.15 | 25.37 | NOTE | |||
r-devel-windows-ix86+x86_64 | 0.2.15 | 12.00 | 31.00 | 43.00 | NOTE | |
r-patched-linux-x86_64 | 0.2.15 | 1.46 | 9.12 | 10.57 | NOTE | |
r-patched-solaris-sparc | 0.2.15 | 122.70 | NOTE | |||
r-patched-solaris-x86 | 0.2.15 | 27.60 | NOTE | |||
r-release-linux-x86_64 | 0.2.15 | 1.48 | 10.77 | 12.25 | NOTE | |
r-release-osx-x86_64-mavericks | 0.2.15 | NOTE | ||||
r-release-windows-ix86+x86_64 | 0.2.15 | 10.00 | 29.00 | 39.00 | NOTE | |
r-oldrel-windows-ix86+x86_64 | 0.2.15 | 14.00 | 31.00 | 45.00 | OK |
Memtest notes: valgrind
Version: 0.2.15
Check: DESCRIPTION meta-information
Result: NOTE
Malformed Description field: should contain one or more complete sentences.
Flavors: r-devel-linux-x86_64-debian-gcc, r-devel-linux-x86_64-fedora-clang, r-devel-linux-x86_64-fedora-gcc, r-devel-osx-x86_64-clang, r-devel-windows-ix86+x86_64, r-patched-linux-x86_64, r-patched-solaris-sparc, r-patched-solaris-x86, r-release-linux-x86_64, r-release-osx-x86_64-mavericks, r-release-windows-ix86+x86_64