Last updated on 2015-11-20 00:47:43.
Flavor | Version | Tinstall | Tcheck | Ttotal | Status | Flags |
---|---|---|---|---|---|---|
r-devel-linux-x86_64-debian-gcc | 1.2-9 | 41.50 | 1.47 | 42.97 | ERROR | |
r-devel-linux-x86_64-fedora-clang | 1.2-9 | 89.17 | ERROR | |||
r-devel-linux-x86_64-fedora-gcc | 1.2-9 | 77.27 | ERROR | |||
r-devel-osx-x86_64-clang | 1.2-9 | 50.83 | ERROR | |||
r-devel-windows-ix86+x86_64 | 1.2-9 | 149.00 | 5.00 | 154.00 | ERROR | |
r-patched-linux-x86_64 | 1.2-9 | 42.18 | 118.69 | 160.88 | NOTE | |
r-patched-solaris-sparc | 1.2-9 | 1785.80 | OK | |||
r-patched-solaris-x86 | 1.2-9 | 331.80 | OK | |||
r-release-linux-x86_64 | 1.2-9 | 45.66 | 124.08 | 169.74 | NOTE | |
r-release-osx-x86_64-mavericks | 1.2-9 | NOTE | ||||
r-release-windows-ix86+x86_64 | 1.2-9 | 153.00 | 317.00 | 470.00 | OK | |
r-oldrel-windows-ix86+x86_64 | 1.2-9 | 158.00 | 369.00 | 527.00 | OK |
Version: 1.2-9
Check: whether package can be installed
Result: ERROR
Installation failed.
Flavors: r-devel-linux-x86_64-debian-gcc, r-devel-linux-x86_64-fedora-clang, r-devel-linux-x86_64-fedora-gcc, r-devel-osx-x86_64-clang, r-devel-windows-ix86+x86_64
Version: 1.2-9
Check: installed package size
Result: NOTE
installed size is 7.0Mb
sub-directories of 1Mb or more:
libs 5.3Mb
Flavors: r-patched-linux-x86_64, r-release-linux-x86_64, r-release-osx-x86_64-mavericks