CRAN Package Check Results for Package rotations

Last updated on 2015-11-20 00:47:43.

Flavor Version Tinstall Tcheck Ttotal Status Flags
r-devel-linux-x86_64-debian-gcc 1.4 46.64 39.48 86.12 NOTE
r-devel-linux-x86_64-fedora-clang 1.4 183.02 NOTE
r-devel-linux-x86_64-fedora-gcc 1.4 167.62 NOTE
r-devel-osx-x86_64-clang 1.4 158.69 OK
r-devel-windows-ix86+x86_64 1.4 197.00 110.00 307.00 NOTE
r-patched-linux-x86_64 1.4 46.69 41.64 88.33 NOTE
r-patched-solaris-sparc 1.4 906.10 OK
r-patched-solaris-x86 1.4 194.70 OK
r-release-linux-x86_64 1.4 46.81 42.63 89.44 NOTE
r-release-osx-x86_64-mavericks 1.4 NOTE
r-release-windows-ix86+x86_64 1.4 171.00 111.00 282.00 NOTE
r-oldrel-windows-ix86+x86_64 1.3 177.00 135.00 312.00 NOTE

Check Details

Version: 1.4
Check: installed package size
Result: NOTE
     installed size is 9.7Mb
     sub-directories of 1Mb or more:
     data 2.3Mb
     libs 5.8Mb
Flavors: r-devel-linux-x86_64-debian-gcc, r-devel-linux-x86_64-fedora-clang, r-devel-linux-x86_64-fedora-gcc, r-devel-windows-ix86+x86_64, r-patched-linux-x86_64, r-release-linux-x86_64, r-release-osx-x86_64-mavericks, r-release-windows-ix86+x86_64

Version: 1.3
Check: installed package size
Result: NOTE
     installed size is 5.9Mb
     sub-directories of 1Mb or more:
     data 2.3Mb
     libs 2.1Mb
Flavor: r-oldrel-windows-ix86+x86_64