CRAN Package Check Results for Package rr

Last updated on 2015-11-20 00:47:43.

Flavor Version Tinstall Tcheck Ttotal Status Flags
r-devel-linux-x86_64-debian-gcc 1.3 4.48 59.39 63.87 NOTE
r-devel-linux-x86_64-fedora-clang 1.3 125.76 NOTE
r-devel-linux-x86_64-fedora-gcc 1.3 128.05 NOTE
r-devel-osx-x86_64-clang 1.3 121.05 OK
r-devel-windows-ix86+x86_64 1.3 24.00 158.00 182.00 NOTE
r-patched-linux-x86_64 1.3 4.48 62.60 67.08 OK
r-patched-solaris-sparc 1.3 794.10 OK
r-patched-solaris-x86 1.3 162.00 OK
r-release-linux-x86_64 1.3 4.64 65.44 70.07 OK
r-release-osx-x86_64-mavericks 1.3 OK
r-release-windows-ix86+x86_64 1.3 21.00 209.00 230.00 OK
r-oldrel-windows-ix86+x86_64 1.3 27.00 238.00 265.00 OK

Check Details

Version: 1.3
Check: R code for possible problems
Result: NOTE
    coef.rrreg.bayes.list: no visible global function definition for ‘coef’
    power.rr.plot: no visible global function definition for ‘plot’
    power.rr.plot: no visible global function definition for ‘abline’
    power.rr.plot: no visible global function definition for ‘gray’
    power.rr.plot: no visible global function definition for ‘lines’
    power.rr.plot: no visible global function definition for ‘axis’
    power.rr.plot: no visible global function definition for ‘mtext’
    power.rr.test: no visible global function definition for ‘qnorm’
    power.rr.test: no visible global function definition for ‘pnorm’
    predict.rrreg: no visible global function definition for ‘model.matrix’
    predict.rrreg: no visible global function definition for ‘as.formula’
    predict.rrreg: no visible global function definition for ‘model.frame’
    predict.rrreg: no visible binding for global variable ‘na.omit’
    predict.rrreg: no visible global function definition for
     ‘model.response’
    predict.rrreg: no visible global function definition for ‘coef’
    predict.rrreg: no visible global function definition for ‘vcov’
    predict.rrreg : <anonymous>: no visible global function definition for
     ‘quantile’
    predict.rrreg: no visible binding for global variable ‘sd’
    predict.rrreg.predictor: no visible global function definition for
     ‘model.matrix’
    predict.rrreg.predictor: no visible global function definition for
     ‘as.formula’
    predict.rrreg.predictor : <anonymous>: no visible global function
     definition for ‘quantile’
    predict.rrreg.predictor: no visible binding for global variable ‘sd’
    print.rrreg.bayes: no visible global function definition for ‘coef’
    print.rrreg.bayes.list: no visible global function definition for
     ‘coef’
    print.summary.rrreg.bayes: no visible global function definition for
     ‘coef’
    print.summary.rrreg.bayes.list: no visible global function definition
     for ‘coef’
    rrreg: no visible global function definition for ‘model.frame’
    rrreg: no visible binding for global variable ‘na.omit’
    rrreg: no visible global function definition for ‘model.matrix.default’
    rrreg: no visible binding for global variable ‘sd’
    rrreg: no visible global function definition for ‘model.response’
    rrreg: no visible global function definition for ‘rnorm’
    rrreg: no visible global function definition for ‘glm’
    rrreg: no visible global function definition for ‘binomial’
    rrreg: no visible global function definition for ‘coef’
    rrreg.bayes: no visible global function definition for
     ‘model.matrix.default’
    rrreg.bayes: no visible global function definition for ‘model.response’
    rrreg.bayes: no visible global function definition for ‘model.matrix’
    rrreg.bayes: no visible global function definition for ‘model.frame’
    rrreg.bayes: no visible global function definition for ‘runif’
    rrreg.bayes: no visible binding for global variable ‘df’
    rrreg.predictor: no visible global function definition for
     ‘model.frame’
    rrreg.predictor: no visible global function definition for
     ‘complete.cases’
    rrreg.predictor: no visible global function definition for
     ‘model.matrix.default’
    rrreg.predictor: no visible binding for global variable ‘sd’
    rrreg.predictor: no visible global function definition for
     ‘model.response’
    rrreg.predictor : obs.llik: no visible global function definition for
     ‘dcauchy’
    rrreg.predictor: no visible global function definition for ‘rnorm’
    rrreg.predictor: no visible global function definition for ‘glm’
    rrreg.predictor: no visible global function definition for ‘binomial’
    rrreg.predictor: no visible global function definition for
     ‘glm.control’
    rrreg.predictor: no visible global function definition for ‘coef’
    sd.rrreg.bayes: no visible binding for global variable ‘sd’
    vcov.rrreg.bayes: no visible global function definition for ‘cov’
    vcov.rrreg.bayes.list: no visible global function definition for ‘vcov’
    Undefined global functions or variables:
     abline as.formula axis binomial coef complete.cases cov dcauchy df
     glm glm.control gray lines model.frame model.matrix
     model.matrix.default model.response mtext na.omit plot pnorm qnorm
     quantile rnorm runif sd vcov
    Consider adding
     importFrom("grDevices", "gray")
     importFrom("graphics", "abline", "axis", "lines", "mtext", "plot")
     importFrom("stats", "as.formula", "binomial", "coef", "complete.cases",
     "cov", "dcauchy", "df", "glm", "glm.control", "model.frame",
     "model.matrix", "model.matrix.default", "model.response",
     "na.omit", "pnorm", "qnorm", "quantile", "rnorm", "runif",
     "sd", "vcov")
    to your NAMESPACE.
Flavors: r-devel-linux-x86_64-debian-gcc, r-devel-linux-x86_64-fedora-clang, r-devel-linux-x86_64-fedora-gcc, r-devel-windows-ix86+x86_64