Last updated on 2015-11-20 00:47:44.
Flavor | Version | Tinstall | Tcheck | Ttotal | Status | Flags |
---|---|---|---|---|---|---|
r-devel-linux-x86_64-debian-gcc | 0.1 | 2.42 | 22.74 | 25.16 | OK | |
r-devel-linux-x86_64-fedora-clang | 0.1 | 64.45 | OK | |||
r-devel-linux-x86_64-fedora-gcc | 0.1 | 63.84 | OK | |||
r-devel-osx-x86_64-clang | 0.1 | 57.63 | OK | |||
r-devel-windows-ix86+x86_64 | 0.1 | 11.00 | 43.00 | 54.00 | OK | |
r-patched-linux-x86_64 | 0.1 | 2.56 | 24.36 | 26.92 | OK | |
r-patched-solaris-sparc | 0.1 | 353.00 | OK | |||
r-patched-solaris-x86 | 0.1 | 67.40 | OK | |||
r-release-linux-x86_64 | 0.1 | 2.78 | 25.47 | 28.25 | OK | |
r-release-osx-x86_64-mavericks | 0.1 | OK | ||||
r-release-windows-ix86+x86_64 | 0.1 | 12.00 | 67.00 | 79.00 | OK | |
r-oldrel-windows-ix86+x86_64 | 0.1 | 14.00 | 82.00 | 96.00 | NOTE |
Version: 0.1
Check: R code for possible problems
Result: NOTE
Model: no visible global function definition for 'dir.exists'
createOutputDir: no visible global function definition for 'dir.exists'
Flavor: r-oldrel-windows-ix86+x86_64