CRAN Package Check Results for Package rstan

Last updated on 2015-11-20 00:47:44.

Flavor Version Tinstall Tcheck Ttotal Status Flags
r-devel-linux-x86_64-debian-gcc 2.8.0 377.46 279.46 656.92 NOTE
r-devel-linux-x86_64-fedora-clang 2.8.1 980.23 NOTE
r-devel-linux-x86_64-fedora-gcc 2.8.1 1310.91 NOTE
r-devel-osx-x86_64-clang 2.8.1 307.40 NOTE
r-devel-windows-ix86+x86_64 2.8.1 817.00 466.00 1283.00 NOTE
r-patched-linux-x86_64 2.8.0 379.30 282.26 661.56 NOTE
r-patched-solaris-sparc 2.8.0 5657.50 NOTE
r-patched-solaris-x86 2.8.1 1116.60 OK
r-release-linux-x86_64 2.8.0 379.56 284.25 663.81 NOTE
r-release-osx-x86_64-mavericks 2.8.0 NOTE
r-release-windows-ix86+x86_64 2.8.0 1047.00 436.00 1483.00 NOTE
r-oldrel-windows-ix86+x86_64 2.8.1 843.00 296.00 1139.00 ERROR

Check Details

Version: 2.8.0
Check: installed package size
Result: NOTE
     installed size is 171.8Mb
     sub-directories of 1Mb or more:
     libs 169.3Mb
Flavors: r-devel-linux-x86_64-debian-gcc, r-patched-linux-x86_64, r-patched-solaris-sparc, r-release-linux-x86_64, r-release-osx-x86_64-mavericks, r-release-windows-ix86+x86_64

Version: 2.8.1
Check: installed package size
Result: NOTE
     installed size is 284.2Mb
     sub-directories of 1Mb or more:
     libs 281.8Mb
Flavors: r-devel-linux-x86_64-fedora-clang, r-devel-linux-x86_64-fedora-gcc, r-devel-osx-x86_64-clang, r-devel-windows-ix86+x86_64, r-oldrel-windows-ix86+x86_64

Version: 2.8.1
Check: running R code from vignettes
Result: ERROR
    Errors in running code in vignettes:
    when running code in 'rstan_vignette.Rnw'
     ...
    
    > fit1 <- stan(file = "schools.stan", iter = 2000, chains = 4,
    + cores = 2)
    Warning: class "C++Object" is defined (with package slot 'Rcpp') but no metadata object found to revise subclass information---not exported? Making a copy in package '.GlobalEnv'
    starting worker pid=18088 on localhost:11379 at 20:39:47.477
    starting worker pid=20592 on localhost:11379 at 20:39:47.773
    
     When sourcing 'rstan_vignette.R':
    Error: invalid 'pattern' regular expression
    Execution halted
Flavor: r-oldrel-windows-ix86+x86_64