CRAN Package Check Results for Package sgd

Last updated on 2015-11-20 00:47:45.

Flavor Version Tinstall Tcheck Ttotal Status Flags
r-devel-linux-x86_64-debian-gcc 1.0 18.72 16.22 34.94 OK
r-devel-linux-x86_64-fedora-clang 1.0 69.12 OK
r-devel-linux-x86_64-fedora-gcc 1.0 66.31 OK
r-devel-osx-x86_64-clang 1.0 65.68 OK
r-devel-windows-ix86+x86_64 1.0 22.00 5.00 27.00 ERROR
r-patched-linux-x86_64 1.0 19.22 16.77 35.98 OK
r-patched-solaris-sparc 1.0 18.60 ERROR
r-patched-solaris-x86 1.0 3.20 ERROR
r-release-linux-x86_64 1.0 18.78 18.31 37.08 OK
r-release-osx-x86_64-mavericks 1.0 OK
r-release-windows-ix86+x86_64 1.0 24.00 2.00 26.00 ERROR
r-oldrel-windows-ix86+x86_64 1.0 23.00 2.00 25.00 ERROR

Check Details

Version: 1.0
Check: whether package can be installed
Result: ERROR
    Installation failed.
Flavors: r-devel-windows-ix86+x86_64, r-release-windows-ix86+x86_64, r-oldrel-windows-ix86+x86_64

Version: 1.0
Check: package dependencies
Result: ERROR
    Package required but not available: ‘bigmemory’
    
    Package suggested but not available for checking: ‘bigmemory’
    
    See section ‘The DESCRIPTION file’ in the ‘Writing R Extensions’
    manual.
Flavors: r-patched-solaris-sparc, r-patched-solaris-x86