CRAN Package Check Results for Package skmeans

Last updated on 2015-11-20 00:47:45.

Flavor Version Tinstall Tcheck Ttotal Status Flags
r-devel-linux-x86_64-debian-gcc 0.2-7 0.60 16.04 16.64 NOTE
r-devel-linux-x86_64-fedora-clang 0.2-7 32.30 NOTE
r-devel-linux-x86_64-fedora-gcc 0.2-7 30.25 NOTE
r-devel-osx-x86_64-clang 0.2-7 39.98 NOTE
r-devel-windows-ix86+x86_64 0.2-7 6.00 32.00 38.00 NOTE
r-patched-linux-x86_64 0.2-7 0.70 16.84 17.55 NOTE
r-patched-solaris-sparc 0.2-7 229.20 NOTE
r-patched-solaris-x86 0.2-7 45.00 NOTE
r-release-linux-x86_64 0.2-7 0.64 19.03 19.67 NOTE
r-release-osx-x86_64-mavericks 0.2-7 NOTE
r-release-windows-ix86+x86_64 0.2-7 4.00 33.00 37.00 NOTE
r-oldrel-windows-ix86+x86_64 0.2-7 6.00 40.00 46.00 NOTE

Check Details

Version: 0.2-7
Check: package dependencies
Result: NOTE
    Package which this enhances but not available for checking: ‘kmndirs’
Flavors: r-devel-linux-x86_64-debian-gcc, r-devel-linux-x86_64-fedora-clang, r-devel-linux-x86_64-fedora-gcc, r-devel-osx-x86_64-clang, r-devel-windows-ix86+x86_64, r-patched-linux-x86_64, r-patched-solaris-sparc, r-patched-solaris-x86, r-release-linux-x86_64, r-release-osx-x86_64-mavericks, r-release-windows-ix86+x86_64, r-oldrel-windows-ix86+x86_64

Version: 0.2-7
Check: dependencies in R code
Result: NOTE
    Unavailable namespace imported from by a ':::' call: ‘kmndirs’
     See the note in ?`:::` about the use of this operator.
Flavors: r-devel-linux-x86_64-debian-gcc, r-devel-linux-x86_64-fedora-clang, r-devel-linux-x86_64-fedora-gcc, r-devel-osx-x86_64-clang, r-devel-windows-ix86+x86_64, r-patched-linux-x86_64, r-patched-solaris-sparc, r-patched-solaris-x86, r-release-linux-x86_64, r-release-osx-x86_64-mavericks, r-release-windows-ix86+x86_64, r-oldrel-windows-ix86+x86_64