Last updated on 2015-11-20 00:47:46.
Flavor | Version | Tinstall | Tcheck | Ttotal | Status | Flags |
---|---|---|---|---|---|---|
r-devel-linux-x86_64-debian-gcc | 1.43-0 | 83.84 | 489.76 | 573.60 | NOTE | --no-tests |
r-devel-linux-x86_64-fedora-clang | 1.43-0 | 1251.28 | NOTE | |||
r-devel-linux-x86_64-fedora-gcc | 1.43-0 | 1180.39 | NOTE | |||
r-devel-osx-x86_64-clang | 1.43-0 | 1342.18 | NOTE | |||
r-devel-windows-ix86+x86_64 | 1.43-0 | 332.00 | 1198.00 | 1530.00 | NOTE | |
r-patched-linux-x86_64 | 1.43-0 | 88.61 | 504.94 | 593.56 | NOTE | --no-tests |
r-patched-solaris-sparc | 1.43-0 | 7102.50 | NOTE | |||
r-patched-solaris-x86 | 1.43-0 | 1499.20 | NOTE | |||
r-release-linux-x86_64 | 1.43-0 | 86.11 | 501.33 | 587.44 | NOTE | --no-tests |
r-release-osx-x86_64-mavericks | 1.43-0 | NOTE | ||||
r-release-windows-ix86+x86_64 | 1.43-0 | 301.00 | 1253.00 | 1554.00 | NOTE | |
r-oldrel-windows-ix86+x86_64 | 1.41-1 | 362.00 | 1453.00 | 1815.00 | NOTE |
Version: 1.43-0
Flags: --no-tests
Check: installed package size
Result: NOTE
installed size is 19.8Mb
sub-directories of 1Mb or more:
R 3.4Mb
data 3.4Mb
doc 5.2Mb
help 4.6Mb
libs 2.0Mb
Flavors: r-devel-linux-x86_64-debian-gcc, r-patched-linux-x86_64, r-release-linux-x86_64
Version: 1.43-0
Check: installed package size
Result: NOTE
installed size is 19.9Mb
sub-directories of 1Mb or more:
R 3.4Mb
data 3.4Mb
doc 5.2Mb
help 4.6Mb
libs 2.1Mb
Flavors: r-devel-linux-x86_64-fedora-clang, r-devel-linux-x86_64-fedora-gcc, r-devel-osx-x86_64-clang, r-devel-windows-ix86+x86_64, r-patched-solaris-sparc, r-patched-solaris-x86, r-release-osx-x86_64-mavericks, r-release-windows-ix86+x86_64
Version: 1.41-1
Check: installed package size
Result: NOTE
installed size is 17.5Mb
sub-directories of 1Mb or more:
R 3.1Mb
data 3.3Mb
doc 4.7Mb
help 4.3Mb
libs 1.1Mb
Flavor: r-oldrel-windows-ix86+x86_64