Last updated on 2015-11-20 00:47:46.
Flavor | Version | Tinstall | Tcheck | Ttotal | Status | Flags |
---|---|---|---|---|---|---|
r-devel-linux-x86_64-debian-gcc | 0.9-11 | 8.22 | 114.66 | 122.88 | OK | |
r-devel-linux-x86_64-fedora-clang | 0.9-11 | 271.84 | OK | |||
r-devel-linux-x86_64-fedora-gcc | 0.9-11 | 277.77 | OK | |||
r-devel-osx-x86_64-clang | 0.9-11 | 274.55 | OK | |||
r-devel-windows-ix86+x86_64 | 0.9-11 | 38.00 | 199.00 | 237.00 | NOTE | |
r-patched-linux-x86_64 | 0.9-11 | 9.06 | 122.48 | 131.55 | OK | |
r-patched-solaris-sparc | 0.9-11 | 17.40 | ERROR | |||
r-patched-solaris-x86 | 0.9-11 | 377.40 | OK | |||
r-release-linux-x86_64 | 0.9-11 | 9.89 | 124.24 | 134.14 | OK | |
r-release-osx-x86_64-mavericks | 0.9-11 | OK | ||||
r-release-windows-ix86+x86_64 | 0.9-11 | 34.00 | 282.00 | 316.00 | NOTE | |
r-oldrel-windows-ix86+x86_64 | 0.9-11 | 55.00 | 380.00 | 435.00 | OK |
Version: 0.9-11
Check: package dependencies
Result: NOTE
Package suggested but not available for checking: 'gpclib'
Flavors: r-devel-windows-ix86+x86_64, r-release-windows-ix86+x86_64
Version: 0.9-11
Check: package dependencies
Result: ERROR
Package required but not available: ‘geostatsp’
See section ‘The DESCRIPTION file’ in the ‘Writing R Extensions’
manual.
Flavor: r-patched-solaris-sparc