Last updated on 2015-11-20 00:47:47.
Flavor | Version | Tinstall | Tcheck | Ttotal | Status | Flags |
---|---|---|---|---|---|---|
r-devel-linux-x86_64-debian-gcc | 1.2 | 1.35 | 15.63 | 16.98 | NOTE | |
r-devel-linux-x86_64-fedora-clang | 1.2 | 34.70 | NOTE | |||
r-devel-linux-x86_64-fedora-gcc | 1.2 | 33.58 | NOTE | |||
r-devel-osx-x86_64-clang | 1.2 | 41.31 | NOTE | |||
r-devel-windows-ix86+x86_64 | 1.2 | 7.00 | 34.00 | 41.00 | NOTE | |
r-patched-linux-x86_64 | 1.2 | 1.20 | 16.66 | 17.86 | NOTE | |
r-patched-solaris-sparc | 1.2 | 223.90 | NOTE | |||
r-patched-solaris-x86 | 1.2 | 49.60 | NOTE | |||
r-release-linux-x86_64 | 1.2 | 1.22 | 17.92 | 19.15 | NOTE | |
r-release-osx-x86_64-mavericks | 1.2 | NOTE | ||||
r-release-windows-ix86+x86_64 | 1.2 | 6.00 | 33.00 | 39.00 | NOTE | |
r-oldrel-windows-ix86+x86_64 | 1.2 | 10.00 | 48.00 | 58.00 | NOTE |
Version: 1.2
Check: DESCRIPTION meta-information
Result: NOTE
Malformed Title field: should not end in a period.
Flavors: r-devel-linux-x86_64-debian-gcc, r-devel-linux-x86_64-fedora-clang, r-devel-linux-x86_64-fedora-gcc, r-devel-osx-x86_64-clang, r-devel-windows-ix86+x86_64, r-patched-linux-x86_64, r-patched-solaris-sparc, r-patched-solaris-x86, r-release-linux-x86_64, r-release-osx-x86_64-mavericks, r-release-windows-ix86+x86_64
Version: 1.2
Check: dependencies in R code
Result: NOTE
'library' or 'require' calls in package code:
‘RJDBC’ ‘RMySQL’ ‘RODBC’ ‘RPostgreSQL’ ‘RSQLite’ ‘tcltk’
Please use :: or requireNamespace() instead.
See section 'Suggested packages' in the 'Writing R Extensions' manual.
Flavors: r-devel-linux-x86_64-debian-gcc, r-devel-linux-x86_64-fedora-clang, r-devel-linux-x86_64-fedora-gcc, r-devel-osx-x86_64-clang, r-devel-windows-ix86+x86_64, r-patched-linux-x86_64, r-patched-solaris-sparc, r-patched-solaris-x86, r-release-linux-x86_64, r-release-osx-x86_64-mavericks, r-release-windows-ix86+x86_64, r-oldrel-windows-ix86+x86_64
Version: 1.2
Check: R code for possible problems
Result: NOTE
cacheQuery: no visible global function definition for ‘read.csv’
cacheQuery: no visible global function definition for ‘write.csv’
Undefined global functions or variables:
read.csv write.csv
Consider adding
importFrom("utils", "read.csv", "write.csv")
to your NAMESPACE.
Flavors: r-devel-linux-x86_64-debian-gcc, r-devel-linux-x86_64-fedora-clang, r-devel-linux-x86_64-fedora-gcc, r-devel-windows-ix86+x86_64
Version: 1.2
Check: package dependencies
Result: NOTE
Package which this enhances but not available for checking: ‘RMySQL’
Flavors: r-patched-solaris-sparc, r-patched-solaris-x86
Version: 1.2
Check: package dependencies
Result: NOTE
Packages which this enhances but not available for checking:
‘RPostgreSQL’ ‘RODBC’
Flavor: r-release-osx-x86_64-mavericks