Last updated on 2015-11-20 00:47:47.
Flavor | Version | Tinstall | Tcheck | Ttotal | Status | Flags |
---|---|---|---|---|---|---|
r-devel-linux-x86_64-debian-gcc | 1.0-1 | 50.06 | 23.27 | 73.33 | NOTE | |
r-devel-linux-x86_64-fedora-clang | 1.0-1 | 162.53 | NOTE | |||
r-devel-linux-x86_64-fedora-gcc | 1.0-1 | 127.09 | NOTE | |||
r-devel-osx-x86_64-clang | 1.0-1 | 437.58 | NOTE | |||
r-devel-windows-ix86+x86_64 | 1.0-1 | 1160.00 | 95.00 | 1255.00 | NOTE | |
r-patched-linux-x86_64 | 1.0-1 | 49.36 | 25.83 | 75.19 | NOTE | |
r-patched-solaris-sparc | 1.0-1 | 1537.40 | NOTE | |||
r-patched-solaris-x86 | 1.0-1 | 431.80 | NOTE | |||
r-release-linux-x86_64 | 1.0-1 | 50.42 | 25.94 | 76.36 | NOTE | |
r-release-osx-x86_64-mavericks | 1.0-1 | NOTE | ||||
r-release-windows-ix86+x86_64 | 1.0-1 | 678.00 | 110.00 | 788.00 | NOTE | |
r-oldrel-windows-ix86+x86_64 | 1.0-1 | 684.00 | 103.00 | 787.00 | NOTE |
Version: 1.0-1
Check: installed package size
Result: NOTE
installed size is 5.3Mb
sub-directories of 1Mb or more:
libs 4.6Mb
Flavors: r-devel-linux-x86_64-debian-gcc, r-devel-linux-x86_64-fedora-clang, r-devel-linux-x86_64-fedora-gcc, r-devel-osx-x86_64-clang, r-devel-windows-ix86+x86_64, r-patched-linux-x86_64, r-patched-solaris-sparc, r-patched-solaris-x86, r-release-linux-x86_64, r-release-osx-x86_64-mavericks, r-release-windows-ix86+x86_64, r-oldrel-windows-ix86+x86_64