CRAN Package Check Results for Package survey

Last updated on 2015-11-20 00:47:47.

Flavor Version Tinstall Tcheck Ttotal Status Flags
r-devel-linux-x86_64-debian-gcc 3.30-3 1.99 110.14 112.14 NOTE
r-devel-linux-x86_64-fedora-clang 3.30-3 233.83 NOTE
r-devel-linux-x86_64-fedora-gcc 3.30-3 216.88 NOTE
r-devel-osx-x86_64-clang 3.30-3 253.59 NOTE
r-devel-windows-ix86+x86_64 3.30-3 11.00 190.00 201.00 NOTE
r-patched-linux-x86_64 3.30-3 1.92 117.50 119.42 NOTE
r-patched-solaris-sparc 3.30-3 1454.10 NOTE
r-patched-solaris-x86 3.30-3 295.10 NOTE
r-release-linux-x86_64 3.30-3 1.88 118.22 120.10 NOTE
r-release-osx-x86_64-mavericks 3.30-3 NOTE
r-release-windows-ix86+x86_64 3.30-3 10.00 270.00 280.00 NOTE
r-oldrel-windows-ix86+x86_64 3.30-3 11.00 236.00 247.00 NOTE

Check Details

Version: 3.30-3
Check: dependencies in R code
Result: NOTE
    'library' or 'require' calls in package code:
     ‘CompQuadForm’ ‘KernSmooth’ ‘MASS’ ‘Matrix’ ‘RODBC’ ‘hexbin’
     ‘lattice’ ‘parallel’ ‘quantreg’ ‘splines’ ‘survival’
     Please use :: or requireNamespace() instead.
     See section 'Suggested packages' in the 'Writing R Extensions' manual.
    Package in Depends field not imported from: ‘grid’
     These packages need to be imported from (in the NAMESPACE file)
     for when this namespace is loaded but not attached.
Flavors: r-devel-linux-x86_64-debian-gcc, r-devel-linux-x86_64-fedora-clang, r-devel-linux-x86_64-fedora-gcc, r-devel-osx-x86_64-clang, r-devel-windows-ix86+x86_64, r-patched-linux-x86_64, r-patched-solaris-sparc, r-patched-solaris-x86, r-release-linux-x86_64, r-release-osx-x86_64-mavericks, r-release-windows-ix86+x86_64, r-oldrel-windows-ix86+x86_64

Version: 3.30-3
Check: R code for possible problems
Result: NOTE
    .biglogrank: no visible global function definition for ‘coxph’
    .biglogrank: no visible global function definition for ‘coxph.detail’
    .logrank: no visible global function definition for ‘coxph’
    .logrank: no visible global function definition for ‘coxph.detail’
    Dcheck_multi_subset: no visible global function definition for ‘as’
    HRDcheck: no visible global function definition for ‘as’
    [.pps : <anonymous>: no visible global function definition for ‘Matrix’
    [.twophase2 : <anonymous>: no visible global function definition for
     ‘Matrix’
    biplot.svyprcomp: no visible global function definition for ‘col2rgb’
    biplot.svyprcomp: no visible global function definition for ‘rgb’
    checkConnection: no visible global function definition for ‘is’
    checkConnection: no visible global function definition for
     ‘isIdCurrent’
    close.DBIsvydesign: no visible global function definition for
     ‘dbDisconnect’
    close.svyDBimputationList: no visible global function definition for
     ‘is’
    close.svyDBimputationList: no visible global function definition for
     ‘dbDisconnect’
    combine_stages: no visible global function definition for ‘as’
    dim.DBIrepdesign: no visible global function definition for
     ‘dbGetQuery’
    dim.DBIsvydesign: no visible global function definition for
     ‘dbGetQuery’
    dim.ODBCsvydesign: no visible global function definition for ‘sqlQuery’
    dimnames.DBIrepdesign: no visible global function definition for
     ‘dbGetQuery’
    dimnames.DBIsvydesign: no visible global function definition for
     ‘dbGetQuery’
    dimnames.ODBCsvydesign: no visible global function definition for
     ‘sqlQuery’
    expandlogrank: no visible global function definition for ‘coxph’
    expandlogrank: no visible global function definition for ‘coxph.detail’
    expandlogrank: no visible global function definition for ‘survSplit’
    expandlogrank: no visible global function definition for
     ‘untangle.specials’
    getvars: no visible global function definition for ‘is’
    getvars: no visible global function definition for ‘dbGetQuery’
    getvars: no visible global function definition for ‘sqlQuery’
    grake: no visible global function definition for ‘ginv’
    image.svyrep.design: no visible global function definition for ‘grey’
    model.matrix.svycoxph: no visible global function definition for
     ‘untangle.specials’
    mrbweights: no visible binding for global variable ‘mclapply’
    open.DBIsvydesign: no visible global function definition for ‘dbDriver’
    open.DBIsvydesign: no visible global function definition for
     ‘dbConnect’
    open.ODBCsvydesign: no visible global function definition for
     ‘odbcReConnect’
    open.svyDBimputationList: no visible global function definition for
     ‘odbcReConnect’
    open.svyDBimputationList: no visible global function definition for
     ‘dbDriver’
    open.svyDBimputationList: no visible global function definition for
     ‘dbConnect’
    overton2Dcheck: no visible global function definition for ‘as’
    pFsum: no visible global function definition for ‘davies’
    pchisqsum: no visible global function definition for ‘davies’
    pchisqsum: no visible global function definition for ‘farebrother’
    pi2Dcheck: no visible global function definition for ‘as’
    predict.svycoxph: no visible global function definition for
     ‘getS3method’
    predict.svycoxph: no visible global function definition for
     ‘coxph.detail’
    svrepdesign.character: no visible global function definition for
     ‘odbcDriverConnect’
    svrepdesign.character: no visible global function definition for
     ‘odbcConnect’
    svrepdesign.character: no visible global function definition for
     ‘dbDriver’
    svrepdesign.character: no visible global function definition for
     ‘dbConnect’
    svrepdesign.character: no visible global function definition for
     ‘dbGetQuery’
    svrepdesign.character: no visible global function definition for
     ‘sqlQuery’
    svrepglm: no visible global function definition for ‘mclapply’
    svyby.default: no visible binding for global variable ‘mclapply’
    svycoplot.default: no visible global function definition for ‘xyplot’
    svycoplot.default : <anonymous>: no visible global function definition
     for ‘panel.xyplot’
    svycoplot.default : <anonymous>: no visible global function definition
     for ‘current.viewport’
    svycoplot.default : <anonymous>: no visible global function definition
     for ‘convertWidth’
    svycoplot.default : <anonymous>: no visible global function definition
     for ‘convertHeight’
    svycoplot.default : <anonymous>: no visible global function definition
     for ‘hexbin’
    svycoplot.default : <anonymous>: no visible global function definition
     for ‘grid.hexagons’
    svycoplot.default : transcol: no visible global function definition for
     ‘col2rgb’
    svycoplot.default : transcol: no visible global function definition for
     ‘rgb’
    svycoxph.svyrep.design: no visible binding for global variable
     ‘coxph.fit’
    svycoxph.svyrep.design: no visible global function definition for
     ‘mclapply’
    svycoxph.svyrep.design : <anonymous>: no visible global function
     definition for ‘coxph.control’
    svycoxph.svyrep.design: no visible global function definition for
     ‘coxph.control’
    svydesign.DBimputationList: no visible global function definition for
     ‘sqlQuery’
    svydesign.DBimputationList: no visible global function definition for
     ‘dbGetQuery’
    svydesign.character: no visible global function definition for
     ‘odbcDriverConnect’
    svydesign.character: no visible global function definition for
     ‘odbcConnect’
    svydesign.character: no visible global function definition for
     ‘dbDriver’
    svydesign.character: no visible global function definition for
     ‘dbConnect’
    svydesign.character: no visible global function definition for
     ‘sqlQuery’
    svydesign.character: no visible global function definition for
     ‘dbGetQuery’
    svyglm.svyrep.design: no visible global function definition for
     ‘mclapply’
    svykm.survey.design: no visible global function definition for
     ‘is.Surv’
    svykm.svyrep.design: no visible global function definition for
     ‘is.Surv’
    svylocpoly: no visible global function definition for ‘dpik’
    svylocpoly: no visible global function definition for ‘dpill’
    svylocpoly: no visible global function definition for ‘locpoly’
    svylogrank.survey.design2: no visible global function definition for
     ‘untangle.specials’
    svylogrank.svyrep.design: no visible global function definition for
     ‘untangle.specials’
    svylogrank.svyrep.design : <anonymous>: no visible global function
     definition for ‘coxph’
    svylogrank.twophase: no visible global function definition for
     ‘untangle.specials’
    svylogrank.twophase2: no visible global function definition for
     ‘untangle.specials’
    svyolr.svyrep.design: no visible global function definition for ‘polr’
    svyolr.svyrep.design: no visible global function definition for
     ‘mclapply’
    svyolr.svyrep.design : <anonymous>: no visible global function
     definition for ‘polr’
    svyplot.default: no visible global function definition for ‘hexbin’
    svyplot.default: no visible global function definition for
     ‘gplot.hexbin’
    svyplot.default : transcol: no visible global function definition for
     ‘col2rgb’
    svyplot.default : transcol: no visible global function definition for
     ‘rgb’
    svyrqss: no visible global function definition for ‘rq’
    twophaseDcheck: no visible global function definition for ‘as’
    with.svyDBimputationList: no visible global function definition for
     ‘mclapply’
    with.svyimputationList: no visible global function definition for
     ‘mclapply’
    Undefined global functions or variables:
     Matrix as col2rgb convertHeight convertWidth coxph coxph.control
     coxph.detail coxph.fit current.viewport davies dbConnect dbDisconnect
     dbDriver dbGetQuery dpik dpill farebrother getS3method ginv
     gplot.hexbin grey grid.hexagons hexbin is is.Surv isIdCurrent locpoly
     mclapply odbcConnect odbcDriverConnect odbcReConnect panel.xyplot
     polr rgb rq sqlQuery survSplit untangle.specials xyplot
    Consider adding
     importFrom("grDevices", "col2rgb", "grey", "rgb")
     importFrom("methods", "as", "is")
     importFrom("utils", "getS3method")
    to your NAMESPACE (and ensure that your DESCRIPTION Imports field
    contains 'methods').
Flavors: r-devel-linux-x86_64-debian-gcc, r-devel-linux-x86_64-fedora-clang, r-devel-linux-x86_64-fedora-gcc, r-devel-windows-ix86+x86_64

Version: 3.30-3
Check: R code for possible problems
Result: NOTE
    .biglogrank: no visible global function definition for ‘coxph’
    .biglogrank: no visible global function definition for ‘coxph.detail’
    .logrank: no visible global function definition for ‘coxph’
    .logrank: no visible global function definition for ‘coxph.detail’
    [.pps : <anonymous>: no visible global function definition for ‘Matrix’
    [.twophase2 : <anonymous>: no visible global function definition for
     ‘Matrix’
    checkConnection: no visible global function definition for
     ‘isIdCurrent’
    close.DBIsvydesign: no visible global function definition for
     ‘dbDisconnect’
    close.svyDBimputationList: no visible global function definition for
     ‘dbDisconnect’
    dim.DBIrepdesign: no visible global function definition for
     ‘dbGetQuery’
    dim.DBIsvydesign: no visible global function definition for
     ‘dbGetQuery’
    dim.ODBCsvydesign: no visible global function definition for ‘sqlQuery’
    dimnames.DBIrepdesign: no visible global function definition for
     ‘dbGetQuery’
    dimnames.DBIsvydesign: no visible global function definition for
     ‘dbGetQuery’
    dimnames.ODBCsvydesign: no visible global function definition for
     ‘sqlQuery’
    expandlogrank: no visible global function definition for ‘coxph’
    expandlogrank: no visible global function definition for ‘coxph.detail’
    expandlogrank: no visible global function definition for ‘survSplit’
    expandlogrank: no visible global function definition for
     ‘untangle.specials’
    getvars: no visible global function definition for ‘dbGetQuery’
    getvars: no visible global function definition for ‘sqlQuery’
    grake: no visible global function definition for ‘ginv’
    model.matrix.svycoxph: no visible global function definition for
     ‘untangle.specials’
    mrbweights: no visible binding for global variable ‘mclapply’
    open.DBIsvydesign: no visible global function definition for ‘dbDriver’
    open.DBIsvydesign: no visible global function definition for
     ‘dbConnect’
    open.ODBCsvydesign: no visible global function definition for
     ‘odbcReConnect’
    open.svyDBimputationList: no visible global function definition for
     ‘odbcReConnect’
    open.svyDBimputationList: no visible global function definition for
     ‘dbDriver’
    open.svyDBimputationList: no visible global function definition for
     ‘dbConnect’
    pFsum: no visible global function definition for ‘davies’
    pchisqsum: no visible global function definition for ‘davies’
    pchisqsum: no visible global function definition for ‘farebrother’
    predict.svycoxph: no visible global function definition for
     ‘coxph.detail’
    svrepdesign.character: no visible global function definition for
     ‘odbcDriverConnect’
    svrepdesign.character: no visible global function definition for
     ‘odbcConnect’
    svrepdesign.character: no visible global function definition for
     ‘dbDriver’
    svrepdesign.character: no visible global function definition for
     ‘dbConnect’
    svrepdesign.character: no visible global function definition for
     ‘dbGetQuery’
    svrepdesign.character: no visible global function definition for
     ‘sqlQuery’
    svrepglm: no visible global function definition for ‘mclapply’
    svyby.default: no visible binding for global variable ‘mclapply’
    svycoplot.default: no visible global function definition for ‘xyplot’
    svycoplot.default : <anonymous>: no visible global function definition
     for ‘panel.xyplot’
    svycoplot.default : <anonymous>: no visible global function definition
     for ‘current.viewport’
    svycoplot.default : <anonymous>: no visible global function definition
     for ‘convertWidth’
    svycoplot.default : <anonymous>: no visible global function definition
     for ‘convertHeight’
    svycoplot.default : <anonymous>: no visible global function definition
     for ‘hexbin’
    svycoplot.default : <anonymous>: no visible global function definition
     for ‘grid.hexagons’
    svycoxph.svyrep.design: no visible binding for global variable
     ‘coxph.fit’
    svycoxph.svyrep.design: no visible global function definition for
     ‘mclapply’
    svycoxph.svyrep.design : <anonymous>: no visible global function
     definition for ‘coxph.control’
    svycoxph.svyrep.design: no visible global function definition for
     ‘coxph.control’
    svydesign.DBimputationList: no visible global function definition for
     ‘sqlQuery’
    svydesign.DBimputationList: no visible global function definition for
     ‘dbGetQuery’
    svydesign.character: no visible global function definition for
     ‘odbcDriverConnect’
    svydesign.character: no visible global function definition for
     ‘odbcConnect’
    svydesign.character: no visible global function definition for
     ‘dbDriver’
    svydesign.character: no visible global function definition for
     ‘dbConnect’
    svydesign.character: no visible global function definition for
     ‘sqlQuery’
    svydesign.character: no visible global function definition for
     ‘dbGetQuery’
    svyglm.svyrep.design: no visible global function definition for
     ‘mclapply’
    svykm.survey.design: no visible global function definition for
     ‘is.Surv’
    svykm.svyrep.design: no visible global function definition for
     ‘is.Surv’
    svylocpoly: no visible global function definition for ‘dpik’
    svylocpoly: no visible global function definition for ‘dpill’
    svylocpoly: no visible global function definition for ‘locpoly’
    svylogrank.survey.design2: no visible global function definition for
     ‘untangle.specials’
    svylogrank.svyrep.design: no visible global function definition for
     ‘untangle.specials’
    svylogrank.svyrep.design : <anonymous>: no visible global function
     definition for ‘coxph’
    svylogrank.twophase: no visible global function definition for
     ‘untangle.specials’
    svylogrank.twophase2: no visible global function definition for
     ‘untangle.specials’
    svyolr.svyrep.design: no visible global function definition for ‘polr’
    svyolr.svyrep.design: no visible global function definition for
     ‘mclapply’
    svyolr.svyrep.design : <anonymous>: no visible global function
     definition for ‘polr’
    svyplot.default: no visible global function definition for ‘hexbin’
    svyplot.default: no visible global function definition for
     ‘gplot.hexbin’
    svyrqss: no visible global function definition for ‘rq’
    with.svyDBimputationList: no visible global function definition for
     ‘mclapply’
    with.svyimputationList: no visible global function definition for
     ‘mclapply’
    Undefined global functions or variables:
     Matrix convertHeight convertWidth coxph coxph.control coxph.detail
     coxph.fit current.viewport davies dbConnect dbDisconnect dbDriver
     dbGetQuery dpik dpill farebrother ginv gplot.hexbin grid.hexagons
     hexbin is.Surv isIdCurrent locpoly mclapply odbcConnect
     odbcDriverConnect odbcReConnect panel.xyplot polr rq sqlQuery
     survSplit untangle.specials xyplot
Flavor: r-devel-osx-x86_64-clang

Version: 3.30-3
Check: R code for possible problems
Result: NOTE
    .biglogrank: no visible global function definition for ‘coxph’
    .biglogrank: no visible global function definition for ‘coxph.detail’
    .logrank: no visible global function definition for ‘coxph’
    .logrank: no visible global function definition for ‘coxph.detail’
    [.pps : <anonymous>: no visible global function definition for ‘Matrix’
    [.twophase2 : <anonymous>: no visible global function definition for
     ‘Matrix’
    checkConnection: no visible global function definition for
     ‘isIdCurrent’
    close.DBIsvydesign: no visible global function definition for
     ‘dbDisconnect’
    close.svyDBimputationList: no visible global function definition for
     ‘dbDisconnect’
    dim.DBIrepdesign: no visible global function definition for
     ‘dbGetQuery’
    dim.DBIsvydesign: no visible global function definition for
     ‘dbGetQuery’
    dim.ODBCsvydesign: no visible global function definition for ‘sqlQuery’
    dimnames.DBIrepdesign: no visible global function definition for
     ‘dbGetQuery’
    dimnames.DBIsvydesign: no visible global function definition for
     ‘dbGetQuery’
    dimnames.ODBCsvydesign: no visible global function definition for
     ‘sqlQuery’
    expandlogrank: no visible global function definition for ‘coxph’
    expandlogrank: no visible global function definition for ‘coxph.detail’
    expandlogrank: no visible global function definition for ‘survSplit’
    expandlogrank: no visible global function definition for
     ‘untangle.specials’
    getvars: no visible global function definition for ‘dbGetQuery’
    getvars: no visible global function definition for ‘sqlQuery’
    grake: no visible global function definition for ‘ginv’
    model.matrix.svycoxph: no visible global function definition for
     ‘untangle.specials’
    mrbweights: no visible binding for global variable ‘mclapply’
    open.DBIsvydesign: no visible global function definition for ‘dbDriver’
    open.DBIsvydesign: no visible global function definition for
     ‘dbConnect’
    open.ODBCsvydesign: no visible global function definition for
     ‘odbcReConnect’
    open.svyDBimputationList: no visible global function definition for
     ‘odbcReConnect’
    open.svyDBimputationList: no visible global function definition for
     ‘dbDriver’
    open.svyDBimputationList: no visible global function definition for
     ‘dbConnect’
    pFsum: no visible global function definition for ‘davies’
    pchisqsum: no visible global function definition for ‘davies’
    pchisqsum: no visible global function definition for ‘farebrother’
    predict.svycoxph: no visible global function definition for
     ‘coxph.detail’
    svrepdesign.character: no visible global function definition for
     ‘odbcDriverConnect’
    svrepdesign.character: no visible global function definition for
     ‘odbcConnect’
    svrepdesign.character: no visible global function definition for
     ‘dbDriver’
    svrepdesign.character: no visible global function definition for
     ‘dbConnect’
    svrepdesign.character: no visible global function definition for
     ‘dbGetQuery’
    svrepdesign.character: no visible global function definition for
     ‘sqlQuery’
    svrepglm: no visible global function definition for ‘mclapply’
    svyby.default: no visible binding for global variable ‘mclapply’
    svycoplot.default: no visible global function definition for ‘xyplot’
    svycoplot.default : <anonymous>: no visible global function definition
     for ‘panel.xyplot’
    svycoplot.default : <anonymous>: no visible global function definition
     for ‘current.viewport’
    svycoplot.default : <anonymous>: no visible global function definition
     for ‘convertWidth’
    svycoplot.default : <anonymous>: no visible global function definition
     for ‘convertHeight’
    svycoplot.default : <anonymous>: no visible global function definition
     for ‘hexbin’
    svycoplot.default : <anonymous>: no visible global function definition
     for ‘grid.hexagons’
    svycoxph.svyrep.design: no visible binding for global variable
     ‘coxph.fit’
    svycoxph.svyrep.design: no visible global function definition for
     ‘mclapply’
    svycoxph.svyrep.design : <anonymous>: no visible global function
     definition for ‘coxph.control’
    svycoxph.svyrep.design: no visible global function definition for
     ‘coxph.control’
    svydesign.DBimputationList: no visible global function definition for
     ‘sqlQuery’
    svydesign.DBimputationList: no visible global function definition for
     ‘dbGetQuery’
    svydesign.character: no visible global function definition for
     ‘odbcDriverConnect’
    svydesign.character: no visible global function definition for
     ‘odbcConnect’
    svydesign.character: no visible global function definition for
     ‘dbDriver’
    svydesign.character: no visible global function definition for
     ‘dbConnect’
    svydesign.character: no visible global function definition for
     ‘sqlQuery’
    svydesign.character: no visible global function definition for
     ‘dbGetQuery’
    svyglm.svyrep.design: no visible global function definition for
     ‘mclapply’
    svykm.survey.design: no visible global function definition for
     ‘is.Surv’
    svykm.svyrep.design: no visible global function definition for
     ‘is.Surv’
    svylocpoly: no visible global function definition for ‘dpik’
    svylocpoly: no visible global function definition for ‘dpill’
    svylocpoly: no visible global function definition for ‘locpoly’
    svylogrank.survey.design2: no visible global function definition for
     ‘untangle.specials’
    svylogrank.svyrep.design: no visible global function definition for
     ‘untangle.specials’
    svylogrank.svyrep.design : <anonymous>: no visible global function
     definition for ‘coxph’
    svylogrank.twophase: no visible global function definition for
     ‘untangle.specials’
    svylogrank.twophase2: no visible global function definition for
     ‘untangle.specials’
    svyolr.svyrep.design: no visible global function definition for ‘polr’
    svyolr.svyrep.design: no visible global function definition for
     ‘mclapply’
    svyolr.svyrep.design : <anonymous>: no visible global function
     definition for ‘polr’
    svyplot.default: no visible global function definition for ‘hexbin’
    svyplot.default: no visible global function definition for
     ‘gplot.hexbin’
    svyrqss: no visible global function definition for ‘rq’
    with.svyDBimputationList: no visible global function definition for
     ‘mclapply’
    with.svyimputationList: no visible global function definition for
     ‘mclapply’
Flavors: r-patched-linux-x86_64, r-patched-solaris-sparc, r-patched-solaris-x86, r-release-linux-x86_64, r-release-osx-x86_64-mavericks, r-release-windows-ix86+x86_64, r-oldrel-windows-ix86+x86_64

Version: 3.30-3
Check: package dependencies
Result: NOTE
    Package suggested but not available for checking: ‘RODBC’
Flavor: r-release-osx-x86_64-mavericks