CRAN Package Check Results for Package tab

Last updated on 2015-11-20 00:47:48.

Flavor Version Tinstall Tcheck Ttotal Status Flags
r-devel-linux-x86_64-debian-gcc 3.1.1 1.16 19.09 20.25 NOTE
r-devel-linux-x86_64-fedora-clang 3.1.1 39.08 NOTE
r-devel-linux-x86_64-fedora-gcc 3.1.1 34.16 NOTE
r-devel-osx-x86_64-clang 3.1.1 43.82 OK
r-devel-windows-ix86+x86_64 3.1.1 6.00 36.00 42.00 NOTE
r-patched-linux-x86_64 3.1.1 0.81 19.83 20.64 OK
r-patched-solaris-sparc 3.1.1 243.40 OK
r-patched-solaris-x86 3.1.1 48.70 OK
r-release-linux-x86_64 3.1.1 1.15 20.72 21.87 OK
r-release-osx-x86_64-mavericks 3.1.1 OK
r-release-windows-ix86+x86_64 3.1.1 5.00 35.00 40.00 OK
r-oldrel-windows-ix86+x86_64 3.1.1 6.00 42.00 48.00 OK

Check Details

Version: 3.1.1
Check: R code for possible problems
Result: NOTE
    tabcox: no visible global function definition for ‘complete.cases’
    tabcox: no visible global function definition for ‘sd’
    tabfreq: no visible global function definition for ‘quantile’
    tabfreq: no visible global function definition for ‘binom.test’
    tabfreq: no visible global function definition for ‘chisq.test’
    tabfreq: no visible global function definition for ‘fisher.test’
    tabfreq: no visible global function definition for ‘prop.test’
    tabfreq.svy: no visible global function definition for ‘update’
    tabgee: no visible global function definition for ‘pnorm’
    tabglm: no visible global function definition for ‘qt’
    tabglm: no visible global function definition for ‘qnorm’
    tabglm: no visible global function definition for ‘confint’
    tabglm: no visible global function definition for ‘pt’
    tabglm.svy: no visible global function definition for ‘qt’
    tabglm.svy: no visible global function definition for ‘confint’
    tabglm.svy: no visible global function definition for ‘pnorm’
    tabmeans: no visible global function definition for ‘quantile’
    tabmeans: no visible global function definition for ‘t.test’
    tabmeans: no visible global function definition for ‘var.test’
    tabmeans: no visible global function definition for ‘anova’
    tabmeans: no visible global function definition for ‘lm’
    tabmeans: no visible binding for global variable ‘sd’
    tabmeans: no visible global function definition for ‘sd’
    tabmeans : <anonymous>: no visible global function definition for ‘sd’
    tabmeans: no visible global function definition for ‘qt’
    tabmeans: no visible global function definition for ‘qnorm’
    tabmeans: no visible global function definition for ‘plot’
    tabmeans: no visible global function definition for ‘axis’
    tabmeans: no visible global function definition for ‘points’
    tabmeans: no visible global function definition for ‘lines’
    tabmeans: no visible global function definition for ‘recordPlot’
    tabmeans.svy: no visible global function definition for ‘update’
    tabmeans.svy: no visible global function definition for ‘anova’
    tabmedians: no visible global function definition for ‘quantile’
    tabmedians: no visible binding for global variable ‘median’
    tabmedians: no visible global function definition for ‘median’
    tabmedians : <anonymous>: no visible global function definition for
     ‘quantile’
    tabmedians: no visible global function definition for ‘wilcox.test’
    tabmedians: no visible global function definition for ‘kruskal.test’
    tabmedians.svy: no visible global function definition for ‘update’
    Undefined global functions or variables:
     anova axis binom.test chisq.test complete.cases confint fisher.test
     kruskal.test lines lm median plot pnorm points prop.test pt qnorm qt
     quantile recordPlot sd t.test update var.test wilcox.test
    Consider adding
     importFrom("grDevices", "recordPlot")
     importFrom("graphics", "axis", "lines", "plot", "points")
     importFrom("stats", "anova", "binom.test", "chisq.test",
     "complete.cases", "confint", "fisher.test", "kruskal.test",
     "lm", "median", "pnorm", "prop.test", "pt", "qnorm", "qt",
     "quantile", "sd", "t.test", "update", "var.test",
     "wilcox.test")
    to your NAMESPACE.
Flavors: r-devel-linux-x86_64-debian-gcc, r-devel-linux-x86_64-fedora-clang, r-devel-linux-x86_64-fedora-gcc, r-devel-windows-ix86+x86_64