Last updated on 2015-11-20 00:47:48.
Flavor | Version | Tinstall | Tcheck | Ttotal | Status | Flags |
---|---|---|---|---|---|---|
r-devel-linux-x86_64-debian-gcc | 0.7.79 | 1.68 | 26.96 | 28.64 | NOTE | |
r-devel-linux-x86_64-fedora-clang | 0.7.79 | 60.37 | NOTE | |||
r-devel-linux-x86_64-fedora-gcc | 0.7.79 | 52.94 | NOTE | |||
r-devel-osx-x86_64-clang | 0.7.79 | 71.96 | NOTE | |||
r-devel-windows-ix86+x86_64 | 0.7.79 | 11.00 | 54.00 | 65.00 | NOTE | |
r-patched-linux-x86_64 | 0.7.79 | 1.61 | 29.34 | 30.95 | NOTE | |
r-patched-solaris-sparc | 0.7.79 | 352.50 | NOTE | |||
r-patched-solaris-x86 | 0.7.79 | 76.90 | NOTE | |||
r-release-linux-x86_64 | 0.7.79 | 1.64 | 29.89 | 31.52 | NOTE | |
r-release-osx-x86_64-mavericks | 0.7.79 | NOTE | ||||
r-release-windows-ix86+x86_64 | 0.7.79 | 11.00 | 52.00 | 63.00 | NOTE | |
r-oldrel-windows-ix86+x86_64 | 0.7.79 | 20.00 | 98.00 | 118.00 | OK |
Version: 0.7.79
Check: DESCRIPTION meta-information
Result: NOTE
Malformed Description field: should contain one or more complete sentences.
Flavors: r-devel-linux-x86_64-debian-gcc, r-devel-linux-x86_64-fedora-clang, r-devel-linux-x86_64-fedora-gcc, r-devel-osx-x86_64-clang, r-devel-windows-ix86+x86_64, r-patched-linux-x86_64, r-patched-solaris-sparc, r-patched-solaris-x86, r-release-linux-x86_64, r-release-osx-x86_64-mavericks, r-release-windows-ix86+x86_64
Version: 0.7.79
Check: R code for possible problems
Result: NOTE
html.tabular: no visible global function definition for
‘localeToCharset’
tabular.default: no visible global function definition for ‘as.formula’
write.csv.tabular: no visible binding for global variable ‘write.table’
write.csv.tabular: no visible binding for global variable ‘write.csv’
write.table.tabular: no visible binding for global variable
‘write.table’
Undefined global functions or variables:
as.formula localeToCharset write.csv write.table
Consider adding
importFrom("stats", "as.formula")
importFrom("utils", "localeToCharset", "write.csv", "write.table")
to your NAMESPACE.
Flavors: r-devel-linux-x86_64-debian-gcc, r-devel-linux-x86_64-fedora-clang, r-devel-linux-x86_64-fedora-gcc, r-devel-windows-ix86+x86_64