CRAN Package Check Results for Package textcat

Last updated on 2015-11-20 00:47:49.

Flavor Version Tinstall Tcheck Ttotal Status Flags
r-devel-linux-x86_64-debian-gcc 1.0-3 0.86 9.26 10.13 OK
r-devel-linux-x86_64-fedora-clang 1.0-3 19.98 NOTE
r-devel-linux-x86_64-fedora-gcc 1.0-3 18.04 NOTE
r-devel-osx-x86_64-clang 1.0-3 23.43 NOTE
r-devel-windows-ix86+x86_64 1.0-3 5.00 21.00 26.00 OK
r-patched-linux-x86_64 1.0-3 0.90 9.42 10.32 NOTE
r-patched-solaris-sparc 1.0-3 121.60 NOTE
r-patched-solaris-x86 1.0-3 27.50 NOTE
r-release-linux-x86_64 1.0-3 1.07 11.10 12.17 NOTE
r-release-osx-x86_64-mavericks 1.0-3 NOTE
r-release-windows-ix86+x86_64 1.0-3 5.00 18.00 23.00 NOTE
r-oldrel-windows-ix86+x86_64 1.0-3 6.00 34.00 40.00 NOTE

Check Details

Version: 1.0-3
Check: data for non-ASCII characters
Result: NOTE
     Note: found 10051 marked UTF-8 strings
     Note: found 10523 strings marked as "bytes"
Flavors: r-devel-linux-x86_64-fedora-clang, r-devel-linux-x86_64-fedora-gcc, r-devel-osx-x86_64-clang, r-patched-linux-x86_64, r-patched-solaris-sparc, r-patched-solaris-x86, r-release-linux-x86_64, r-release-osx-x86_64-mavericks, r-release-windows-ix86+x86_64, r-oldrel-windows-ix86+x86_64