CRAN Package Check Results for Package timma

Last updated on 2015-11-20 00:47:50.

Flavor Version Tinstall Tcheck Ttotal Status Flags
r-devel-linux-x86_64-debian-gcc 1.2.1 10.76 37.02 47.78 NOTE
r-devel-linux-x86_64-fedora-clang 1.2.1 103.11 NOTE
r-devel-linux-x86_64-fedora-gcc 1.2.1 91.59 NOTE
r-devel-osx-x86_64-clang 1.2.1 105.53 OK
r-devel-windows-ix86+x86_64 1.2.1 51.00 81.00 132.00 NOTE
r-patched-linux-x86_64 1.2.1 10.88 40.91 51.79 OK
r-patched-solaris-sparc 1.2.1 723.60 OK
r-patched-solaris-x86 1.2.1 127.60 OK
r-release-linux-x86_64 1.2.1 10.83 40.76 51.58 OK
r-release-osx-x86_64-mavericks 1.2.1 OK
r-release-windows-ix86+x86_64 1.2.1 46.00 122.00 168.00 OK
r-oldrel-windows-ix86+x86_64 1.2.1 49.00 102.00 151.00 OK

Check Details

Version: 1.2.1
Check: R code for possible problems
Result: NOTE
    drawGraph: no visible global function definition for ‘pdf’
    drawGraph: no visible global function definition for ‘par’
    drawGraph: no visible global function definition for ‘plot’
    drawGraph: no visible global function definition for ‘segments’
    drawGraph: no visible global function definition for ‘lines’
    drawGraph: no visible global function definition for ‘text’
    drawGraph: no visible global function definition for ‘dev.off’
    drugRank: no visible global function definition for ‘aggregate’
    floating2: no visible global function definition for ‘cor’
    timma: no visible global function definition for ‘median’
    timma: no visible global function definition for ‘write.table’
    Undefined global functions or variables:
     aggregate cor dev.off lines median par pdf plot segments text
     write.table
    Consider adding
     importFrom("grDevices", "dev.off", "pdf")
     importFrom("graphics", "lines", "par", "plot", "segments", "text")
     importFrom("stats", "aggregate", "cor", "median")
     importFrom("utils", "write.table")
    to your NAMESPACE.
Flavors: r-devel-linux-x86_64-debian-gcc, r-devel-linux-x86_64-fedora-clang, r-devel-linux-x86_64-fedora-gcc, r-devel-windows-ix86+x86_64