Last updated on 2015-11-20 00:47:50.
Flavor | Version | Tinstall | Tcheck | Ttotal | Status | Flags |
---|---|---|---|---|---|---|
r-devel-linux-x86_64-debian-gcc | 1.0-7 | 1.09 | 6.86 | 7.95 | NOTE | |
r-devel-linux-x86_64-fedora-clang | 1.0-7 | 15.37 | NOTE | |||
r-devel-linux-x86_64-fedora-gcc | 1.0-7 | 13.79 | NOTE | |||
r-devel-osx-x86_64-clang | 1.0-7 | 19.08 | NOTE | |||
r-devel-windows-ix86+x86_64 | 1.0-7 | 13.00 | 20.00 | 33.00 | NOTE | |
r-patched-linux-x86_64 | 1.0-7 | 1.12 | 7.60 | 8.72 | NOTE | |
r-patched-solaris-sparc | 1.0-7 | 101.50 | NOTE | |||
r-patched-solaris-x86 | 1.0-7 | 22.50 | NOTE | |||
r-release-linux-x86_64 | 1.0-7 | 1.16 | 8.42 | 9.58 | NOTE | |
r-release-osx-x86_64-mavericks | 1.0-7 | NOTE | ||||
r-release-windows-ix86+x86_64 | 1.0-7 | 9.00 | 19.00 | 28.00 | NOTE | |
r-oldrel-windows-ix86+x86_64 | 1.0-7 | 11.00 | 19.00 | 30.00 | OK |
Version: 1.0-7
Check: DESCRIPTION meta-information
Result: NOTE
Malformed Description field: should contain one or more complete sentences.
Flavors: r-devel-linux-x86_64-debian-gcc, r-devel-linux-x86_64-fedora-clang, r-devel-linux-x86_64-fedora-gcc, r-devel-osx-x86_64-clang, r-devel-windows-ix86+x86_64, r-patched-linux-x86_64, r-patched-solaris-sparc, r-patched-solaris-x86, r-release-linux-x86_64, r-release-osx-x86_64-mavericks, r-release-windows-ix86+x86_64