Last updated on 2015-11-20 00:47:51.
Flavor | Version | Tinstall | Tcheck | Ttotal | Status | Flags |
---|---|---|---|---|---|---|
r-devel-linux-x86_64-debian-gcc | 1.5 | 9.41 | 71.54 | 80.95 | NOTE | |
r-devel-linux-x86_64-fedora-clang | 1.5 | 173.69 | NOTE | |||
r-devel-linux-x86_64-fedora-gcc | 1.5 | 187.73 | NOTE | |||
r-devel-osx-x86_64-clang | 1.5 | 187.77 | NOTE | |||
r-devel-windows-ix86+x86_64 | 1.5 | 27.00 | 127.00 | 154.00 | NOTE | |
r-patched-linux-x86_64 | 1.5 | 7.31 | 76.78 | 84.09 | NOTE | |
r-patched-solaris-sparc | 1.5 | 1114.30 | NOTE | |||
r-patched-solaris-x86 | 1.5 | 225.90 | NOTE | |||
r-release-linux-x86_64 | 1.5 | 7.66 | 79.60 | 87.25 | NOTE | |
r-release-osx-x86_64-mavericks | 1.5 | NOTE | ||||
r-release-windows-ix86+x86_64 | 1.5 | 27.00 | 178.00 | 205.00 | NOTE | |
r-oldrel-windows-ix86+x86_64 | 1.5 | 43.00 | 230.00 | 273.00 | OK |
Version: 1.5
Check: DESCRIPTION meta-information
Result: NOTE
Malformed Title field: should not end in a period.
Flavors: r-devel-linux-x86_64-debian-gcc, r-devel-linux-x86_64-fedora-clang, r-devel-linux-x86_64-fedora-gcc, r-devel-osx-x86_64-clang, r-devel-windows-ix86+x86_64, r-patched-linux-x86_64, r-patched-solaris-sparc, r-patched-solaris-x86, r-release-linux-x86_64, r-release-osx-x86_64-mavericks, r-release-windows-ix86+x86_64
Version: 1.5
Check: R code for possible problems
Result: NOTE
ttScreening: no visible global function definition for ‘gaussian’
ttScreening: no visible global function definition for ‘glm.control’
ttScreening: no visible global function definition for ‘model.response’
ttScreening: no visible global function definition for ‘is.empty.model’
ttScreening: no visible global function definition for ‘model.matrix’
ttScreening: no visible global function definition for ‘na.omit’
ttScreening: no visible global function definition for ‘terms’
ttScreening: no visible global function definition for ‘capture.output’
ttScreening: no visible global function definition for ‘glm’
ttScreening: no visible binding for global variable ‘gaussian’
ttScreening: no visible global function definition for ‘pt’
ttScreening: no visible global function definition for ‘p.adjust’
Undefined global functions or variables:
capture.output gaussian glm glm.control is.empty.model model.matrix
model.response na.omit p.adjust pt terms
Consider adding
importFrom("stats", "gaussian", "glm", "glm.control", "is.empty.model",
"model.matrix", "model.response", "na.omit", "p.adjust",
"pt", "terms")
importFrom("utils", "capture.output")
to your NAMESPACE.
Flavors: r-devel-linux-x86_64-debian-gcc, r-devel-linux-x86_64-fedora-clang, r-devel-linux-x86_64-fedora-gcc, r-devel-windows-ix86+x86_64