Last updated on 2015-11-20 00:47:51.
Flavor | Version | Tinstall | Tcheck | Ttotal | Status | Flags |
---|---|---|---|---|---|---|
r-devel-linux-x86_64-debian-gcc | 0.11-0 | 35.38 | 117.32 | 152.70 | NOTE | |
r-devel-linux-x86_64-fedora-clang | 0.11-0 | 326.25 | NOTE | |||
r-devel-linux-x86_64-fedora-gcc | 0.11-0 | 313.28 | NOTE | |||
r-devel-osx-x86_64-clang | 0.11-0 | 306.36 | NOTE | |||
r-devel-windows-ix86+x86_64 | 0.11-0 | 142.00 | 259.00 | 401.00 | NOTE | |
r-patched-linux-x86_64 | 0.11-0 | 34.90 | 122.72 | 157.62 | NOTE | |
r-patched-solaris-sparc | 0.11-0 | 1386.00 | NOTE | --no-vignettes | ||
r-patched-solaris-x86 | 0.11-0 | 340.60 | NOTE | |||
r-release-linux-x86_64 | 0.11-0 | 36.66 | 123.53 | 160.20 | NOTE | |
r-release-osx-x86_64-mavericks | 0.11-0 | NOTE | ||||
r-release-windows-ix86+x86_64 | 0.11-0 | 128.00 | 275.00 | 403.00 | NOTE | |
r-oldrel-windows-ix86+x86_64 | 0.11-0 | 137.00 | 323.00 | 460.00 | NOTE |
Version: 0.11-0
Check: installed package size
Result: NOTE
installed size is 6.3Mb
sub-directories of 1Mb or more:
doc 1.6Mb
libs 3.0Mb
Flavors: r-devel-linux-x86_64-debian-gcc, r-devel-linux-x86_64-fedora-clang, r-devel-linux-x86_64-fedora-gcc, r-patched-linux-x86_64, r-release-linux-x86_64, r-release-osx-x86_64-mavericks
Version: 0.11-0
Check: for GNU extensions in Makefiles
Result: NOTE
GNU make is a SystemRequirements.
Flavors: r-devel-linux-x86_64-debian-gcc, r-devel-linux-x86_64-fedora-clang, r-devel-linux-x86_64-fedora-gcc, r-devel-osx-x86_64-clang, r-devel-windows-ix86+x86_64, r-patched-linux-x86_64, r-patched-solaris-x86, r-release-linux-x86_64, r-release-osx-x86_64-mavericks, r-release-windows-ix86+x86_64, r-oldrel-windows-ix86+x86_64
Version: 0.11-0
Flags: --no-vignettes
Check: for GNU extensions in Makefiles
Result: NOTE
GNU make is a SystemRequirements.
Flavor: r-patched-solaris-sparc