CRAN Package Check Results for Package ALTopt

Last updated on 2015-12-29 00:46:26.

Flavor Version Tinstall Tcheck Ttotal Status Flags
r-devel-linux-x86_64-debian-gcc 0.1.1 0.70 9.78 10.48 OK
r-devel-linux-x86_64-fedora-clang 0.1.1 19.69 OK
r-devel-linux-x86_64-fedora-gcc 0.1.1 18.52 OK
r-devel-osx-x86_64-clang 0.1.1 24.76 OK
r-devel-windows-ix86+x86_64 0.1.1 3.00 33.00 36.00 OK
r-patched-linux-x86_64 0.1.1 0.69 10.98 11.67 OK
r-patched-solaris-sparc 0.1.1 131.90 OK
r-patched-solaris-x86 0.1.1 27.90 OK
r-release-linux-x86_64 0.1.1 0.71 10.50 11.20 OK
r-release-osx-x86_64-mavericks 0.1.1 OK
r-release-windows-ix86+x86_64 0.1.1 4.00 21.00 25.00 OK
r-oldrel-windows-ix86+x86_64 0.1.1 4.00 23.00 27.00 WARN

Check Details

Version: 0.1.1
Check: Rd files
Result: WARN
    prepare_Rd: ALTopt-package.Rd:6: unknown macro '\packageTitle'
    prepare_Rd: ALTopt-package.Rd:9: unknown macro '\packageDescription'
Flavor: r-oldrel-windows-ix86+x86_64