CRAN Package Check Results for Package BH

Last updated on 2015-12-29 00:46:27.

Flavor Version Tinstall Tcheck Ttotal Status Flags
r-devel-linux-x86_64-debian-gcc 1.58.0-1 12.90 38.36 51.26 NOTE
r-devel-linux-x86_64-fedora-clang 1.60.0-1 49.80 NOTE
r-devel-linux-x86_64-fedora-gcc 1.60.0-1 49.87 NOTE
r-devel-osx-x86_64-clang 1.60.0-1 80.70 NOTE
r-devel-windows-ix86+x86_64 1.58.0-1 276.00 20.00 296.00 NOTE
r-patched-linux-x86_64 1.58.0-1 12.99 38.42 51.42 NOTE
r-patched-solaris-sparc 1.60.0-1 527.90 NOTE
r-patched-solaris-x86 1.60.0-1 122.50 NOTE
r-release-linux-x86_64 1.58.0-1 12.64 39.39 52.03 NOTE
r-release-osx-x86_64-mavericks 1.58.0-1 NOTE
r-release-windows-ix86+x86_64 1.58.0-1 147.00 17.00 164.00 NOTE
r-oldrel-windows-ix86+x86_64 1.60.0-1 92.00 23.00 115.00 NOTE

Check Details

Version: 1.58.0-1
Check: installed package size
Result: NOTE
     installed size is 110.4Mb
     sub-directories of 1Mb or more:
     include 110.3Mb
Flavors: r-devel-linux-x86_64-debian-gcc, r-devel-windows-ix86+x86_64, r-patched-linux-x86_64, r-release-linux-x86_64, r-release-osx-x86_64-mavericks, r-release-windows-ix86+x86_64

Version: 1.60.0-1
Check: installed package size
Result: NOTE
     installed size is 122.0Mb
     sub-directories of 1Mb or more:
     include 121.9Mb
Flavors: r-devel-linux-x86_64-fedora-clang, r-devel-linux-x86_64-fedora-gcc, r-devel-osx-x86_64-clang, r-patched-solaris-sparc, r-patched-solaris-x86, r-oldrel-windows-ix86+x86_64