Last updated on 2015-12-29 00:46:27.
Flavor | Version | Tinstall | Tcheck | Ttotal | Status | Flags |
---|---|---|---|---|---|---|
r-devel-linux-x86_64-debian-gcc | 1.7-0 | 35.42 | 74.16 | 109.58 | NOTE | |
r-devel-linux-x86_64-fedora-clang | 1.7-0 | 233.86 | NOTE | |||
r-devel-linux-x86_64-fedora-gcc | 1.7-0 | 235.48 | NOTE | |||
r-devel-osx-x86_64-clang | 1.7-0 | 223.08 | OK | |||
r-devel-windows-ix86+x86_64 | 1.7-0 | 83.00 | 184.00 | 267.00 | OK | |
r-patched-linux-x86_64 | 1.7-0 | 37.51 | 79.04 | 116.55 | NOTE | |
r-patched-solaris-sparc | 1.7-0 | 1365.40 | OK | |||
r-patched-solaris-x86 | 1.7-0 | 279.80 | OK | |||
r-release-linux-x86_64 | 1.7-0 | 39.59 | 81.36 | 120.95 | NOTE | |
r-release-osx-x86_64-mavericks | 1.7-0 | NOTE | ||||
r-release-windows-ix86+x86_64 | 1.7-0 | 109.00 | 251.00 | 360.00 | OK | |
r-oldrel-windows-ix86+x86_64 | 1.7-0 | 132.00 | 424.00 | 556.00 | OK |
Version: 1.7-0
Check: installed package size
Result: NOTE
installed size is 7.4Mb
sub-directories of 1Mb or more:
data 1.4Mb
libs 5.7Mb
Flavors: r-devel-linux-x86_64-debian-gcc, r-devel-linux-x86_64-fedora-clang, r-devel-linux-x86_64-fedora-gcc, r-patched-linux-x86_64, r-release-linux-x86_64, r-release-osx-x86_64-mavericks