Last updated on 2015-12-29 00:46:28.
Flavor | Version | Tinstall | Tcheck | Ttotal | Status | Flags |
---|---|---|---|---|---|---|
r-devel-linux-x86_64-debian-gcc | 1.0 | 0.56 | 8.26 | 8.82 | NOTE | |
r-devel-linux-x86_64-fedora-clang | 1.0 | 16.49 | NOTE | |||
r-devel-linux-x86_64-fedora-gcc | 1.0 | 15.55 | NOTE | |||
r-devel-osx-x86_64-clang | 1.0 | 19.76 | NOTE | |||
r-devel-windows-ix86+x86_64 | 1.0 | 3.00 | 20.00 | 23.00 | NOTE | |
r-patched-linux-x86_64 | 1.0 | 0.72 | 8.68 | 9.40 | NOTE | |
r-patched-solaris-sparc | 1.0 | 105.10 | NOTE | |||
r-patched-solaris-x86 | 1.0 | 23.50 | NOTE | |||
r-release-linux-x86_64 | 1.0 | 0.58 | 8.52 | 9.10 | NOTE | |
r-release-osx-x86_64-mavericks | 1.0 | NOTE | ||||
r-release-windows-ix86+x86_64 | 1.0 | 4.00 | 18.00 | 22.00 | NOTE | |
r-oldrel-windows-ix86+x86_64 | 1.0 | 5.00 | 20.00 | 25.00 | OK |
Version: 1.0
Check: DESCRIPTION meta-information
Result: NOTE
Malformed Description field: should contain one or more complete sentences.
Flavors: r-devel-linux-x86_64-debian-gcc, r-devel-linux-x86_64-fedora-clang, r-devel-linux-x86_64-fedora-gcc, r-devel-osx-x86_64-clang, r-devel-windows-ix86+x86_64, r-patched-linux-x86_64, r-patched-solaris-sparc, r-patched-solaris-x86, r-release-linux-x86_64, r-release-osx-x86_64-mavericks, r-release-windows-ix86+x86_64
Version: 1.0
Check: R code for possible problems
Result: NOTE
make_topology: no visible global function definition for ‘runif’
Undefined global functions or variables:
runif
Consider adding
importFrom("stats", "runif")
to your NAMESPACE.
Flavors: r-devel-linux-x86_64-debian-gcc, r-devel-linux-x86_64-fedora-clang, r-devel-linux-x86_64-fedora-gcc, r-devel-windows-ix86+x86_64