Last updated on 2015-12-29 00:46:29.
Flavor | Version | Tinstall | Tcheck | Ttotal | Status | Flags |
---|---|---|---|---|---|---|
r-devel-linux-x86_64-debian-gcc | 1.4.1 | 1.14 | 7.65 | 8.79 | NOTE | |
r-devel-linux-x86_64-fedora-clang | 1.4.1 | 16.15 | NOTE | |||
r-devel-linux-x86_64-fedora-gcc | 1.4.1 | 15.44 | NOTE | |||
r-devel-osx-x86_64-clang | 1.4.1 | 19.47 | OK | |||
r-devel-windows-ix86+x86_64 | 1.4.1 | 10.00 | 22.00 | 32.00 | NOTE | |
r-patched-linux-x86_64 | 1.4.1 | 1.18 | 8.08 | 9.26 | OK | |
r-patched-solaris-sparc | 1.4.1 | 101.70 | OK | |||
r-patched-solaris-x86 | 1.4.1 | 23.80 | OK | |||
r-release-linux-x86_64 | 1.4.1 | 1.21 | 7.57 | 8.78 | OK | |
r-release-osx-x86_64-mavericks | 1.4.1 | OK | ||||
r-release-windows-ix86+x86_64 | 1.4.1 | 8.00 | 19.00 | 27.00 | OK | |
r-oldrel-windows-ix86+x86_64 | 1.4.1 | 10.00 | 30.00 | 40.00 | OK |
Version: 1.4.1
Check: R code for possible problems
Result: NOTE
liu: no visible global function definition for ‘pchisq’
Undefined global functions or variables:
pchisq
Consider adding
importFrom("stats", "pchisq")
to your NAMESPACE.
Flavors: r-devel-linux-x86_64-debian-gcc, r-devel-linux-x86_64-fedora-clang, r-devel-linux-x86_64-fedora-gcc, r-devel-windows-ix86+x86_64