CRAN Package Check Results for Package CoxPlus

Last updated on 2015-12-29 00:46:29.

Flavor Version Tinstall Tcheck Ttotal Status Flags
r-devel-linux-x86_64-debian-gcc 1.1.1 22.13 12.56 34.69 NOTE
r-devel-linux-x86_64-fedora-clang 1.1.1 86.89 NOTE
r-devel-linux-x86_64-fedora-gcc 1.1.1 72.37 OK
r-devel-osx-x86_64-clang 1.1.1 81.25 OK
r-devel-windows-ix86+x86_64 1.1.1 50.00 61.00 111.00 OK
r-patched-linux-x86_64 1.1.1 22.49 13.80 36.30 NOTE
r-patched-solaris-sparc 1.1.1 390.20 OK
r-patched-solaris-x86 1.1.1 80.70 OK
r-release-linux-x86_64 1.1.1 22.92 13.50 36.42 NOTE
r-release-osx-x86_64-mavericks 1.1.1 NOTE
r-release-windows-ix86+x86_64 1.1.1 72.00 44.00 116.00 OK
r-oldrel-windows-ix86+x86_64 1.1.1 73.00 52.00 125.00 OK

Memtest notes: gcc-ASAN

Check Details

Version: 1.1.1
Check: installed package size
Result: NOTE
     installed size is 5.1Mb
     sub-directories of 1Mb or more:
     libs 5.0Mb
Flavors: r-devel-linux-x86_64-debian-gcc, r-devel-linux-x86_64-fedora-clang, r-patched-linux-x86_64, r-release-linux-x86_64, r-release-osx-x86_64-mavericks