CRAN Package Check Results for Package D2C

Last updated on 2015-12-29 00:46:30.

Flavor Version Tinstall Tcheck Ttotal Status Flags
r-devel-linux-x86_64-debian-gcc 1.2.1 4.29 184.86 189.15 NOTE
r-devel-linux-x86_64-fedora-clang 1.2.1 384.65 NOTE
r-devel-linux-x86_64-fedora-gcc 1.2.1 373.98 NOTE
r-devel-osx-x86_64-clang 1.2.1 406.54 NOTE
r-devel-windows-ix86+x86_64 1.2.1 10.00 315.00 325.00 NOTE
r-patched-linux-x86_64 1.2.1 4.58 195.65 200.22 NOTE
r-patched-solaris-sparc 1.2.1 674.90 NOTE --no-build-vignettes
r-patched-solaris-x86 1.2.1 452.20 NOTE
r-release-linux-x86_64 1.2.1 4.43 188.95 193.38 NOTE
r-release-osx-x86_64-mavericks 1.2.1 NOTE
r-release-windows-ix86+x86_64 1.2.1 17.00 407.00 424.00 NOTE
r-oldrel-windows-ix86+x86_64 1.2.1 26.00 454.00 480.00 NOTE

Check Details

Version: 1.2.1
Check: DESCRIPTION meta-information
Result: NOTE
    Malformed Description field: should contain one or more complete sentences.
Flavors: r-devel-linux-x86_64-debian-gcc, r-devel-linux-x86_64-fedora-clang, r-devel-linux-x86_64-fedora-gcc, r-devel-osx-x86_64-clang, r-devel-windows-ix86+x86_64, r-patched-linux-x86_64, r-patched-solaris-x86, r-release-linux-x86_64, r-release-osx-x86_64-mavericks, r-release-windows-ix86+x86_64

Version: 1.2.1
Check: R code for possible problems
Result: NOTE
    initialize,D2C: warning in sort(IM, decr = TRUE, ind = TRUE): partial
     argument match of ‘decr’ to ‘decreasing’
    updateD2C,D2C: warning in sort(IM, decr = TRUE, ind = TRUE): partial
     argument match of ‘decr’ to ‘decreasing’
    D2C.2: no visible global function definition for ‘quantile’
    D2C.2: no visible global function definition for ‘sd’
    D2C.2: no visible global function definition for ‘median’
    D2C.2: no visible global function definition for ‘cor’
    D2C.2: no visible global function definition for ‘acf’
    D2C.2: no visible global function definition for ‘pacf’
    D2C.n: no visible global function definition for ‘quantile’
    H_Rn: no visible global function definition for ‘runif’
    H_sigmoid: no visible global function definition for ‘runif’
    Icond: no visible global function definition for ‘cor’
    PRESS: no visible global function definition for ‘resid’
    PRESS: no visible global function definition for ‘lm.influence’
    assoc: no visible global function definition for ‘cor’
    assoc: no visible global function definition for ‘cor.test’
    corDC: no visible global function definition for ‘cor’
    corXY: no visible global function definition for ‘cor’
    demo: no visible global function definition for ‘rnorm’
    mimr: no visible global function definition for ‘var’
    mimr: no visible binding for global variable ‘var’
    mimr: no visible global function definition for ‘cor’
    npred: no visible binding for global variable ‘sd’
    npred: no visible global function definition for ‘var’
    pcor1: no visible global function definition for ‘cor’
    ppears: no visible global function definition for ‘pnorm’
    quantization: no visible global function definition for ‘median’
    quantization: no visible global function definition for ‘quantile’
    rankrho: no visible global function definition for ‘var’
    regrlin: no visible global function definition for ‘sd’
    regrlin.d: no visible global function definition for ‘sd’
    varpred: no visible binding for global variable ‘sd’
    compute,DAG.network: no visible global function definition for
     ‘numNodes’
    compute,DAG.network: no visible global function definition for
     ‘inEdges’
    initialize,D2C: no visible binding for global variable ‘i’
    initialize,D2C: no visible global function definition for ‘nodes’
    initialize,D2C: no visible global function definition for ‘subGraph’
    initialize,D2C: no visible global function definition for ‘inEdges’
    initialize,D2C: no visible binding for global variable ‘sd’
    initialize,DAG.network : <anonymous>: no visible global function
     definition for ‘rnorm’
    initialize,DAG.network: no visible global function definition for
     ‘runif’
    initialize,simulatedDAG: no visible binding for global variable ‘i’
    initialize,simulatedDAG: no visible global function definition for
     ‘runif’
    initialize,simulatedDAG: no visible global function definition for
     ‘edges’
    predict,D2C: no visible binding for global variable ‘sd’
    updateD2C,D2C: no visible binding for global variable ‘i’
    updateD2C,D2C: no visible global function definition for ‘nodes’
    updateD2C,D2C: no visible global function definition for ‘subGraph’
    updateD2C,D2C: no visible global function definition for ‘inEdges’
    Undefined global functions or variables:
     acf cor cor.test edges i inEdges lm.influence median nodes numNodes
     pacf pnorm quantile resid rnorm runif sd subGraph var
    Consider adding
     importFrom("stats", "acf", "cor", "cor.test", "lm.influence", "median",
     "pacf", "pnorm", "quantile", "resid", "rnorm", "runif",
     "sd", "var")
    to your NAMESPACE.
Flavors: r-devel-linux-x86_64-debian-gcc, r-devel-linux-x86_64-fedora-clang, r-devel-linux-x86_64-fedora-gcc, r-devel-windows-ix86+x86_64

Version: 1.2.1
Check: R code for possible problems
Result: NOTE
    initialize,D2C: warning in sort(IM, decr = TRUE, ind = TRUE): partial
     argument match of 'decr' to 'decreasing'
    updateD2C,D2C: warning in sort(IM, decr = TRUE, ind = TRUE): partial
     argument match of 'decr' to 'decreasing'
    compute,DAG.network: no visible global function definition for
     ‘numNodes’
    compute,DAG.network: no visible global function definition for
     ‘inEdges’
    initialize,D2C: no visible binding for global variable ‘i’
    initialize,D2C: no visible global function definition for ‘nodes’
    initialize,D2C: no visible global function definition for ‘subGraph’
    initialize,D2C: no visible global function definition for ‘inEdges’
    initialize,simulatedDAG: no visible binding for global variable ‘i’
    initialize,simulatedDAG: no visible global function definition for
     ‘edges’
    updateD2C,D2C: no visible binding for global variable ‘i’
    updateD2C,D2C: no visible global function definition for ‘nodes’
    updateD2C,D2C: no visible global function definition for ‘subGraph’
    updateD2C,D2C: no visible global function definition for ‘inEdges’
    Undefined global functions or variables:
     edges i inEdges nodes numNodes subGraph
Flavor: r-devel-osx-x86_64-clang

Version: 1.2.1
Check: R code for possible problems
Result: NOTE
    initialize,D2C : .local: warning in sort(IM, decr = TRUE, ind = TRUE):
     partial argument match of ‘decr’ to ‘decreasing’
    updateD2C,D2C : .local: warning in sort(IM, decr = TRUE, ind = TRUE):
     partial argument match of ‘decr’ to ‘decreasing’
    compute,DAG.network : .local: no visible global function definition for
     ‘numNodes’
    compute,DAG.network : .local: no visible global function definition for
     ‘inEdges’
    initialize,D2C : .local: no visible binding for global variable ‘i’
    initialize,D2C : .local: no visible global function definition for
     ‘nodes’
    initialize,D2C : .local: no visible global function definition for
     ‘subGraph’
    initialize,D2C : .local: no visible global function definition for
     ‘inEdges’
    initialize,simulatedDAG : .local: no visible binding for global
     variable ‘i’
    initialize,simulatedDAG : .local: no visible global function definition
     for ‘edges’
    updateD2C,D2C : .local: no visible binding for global variable ‘i’
    updateD2C,D2C : .local: no visible global function definition for
     ‘nodes’
    updateD2C,D2C : .local: no visible global function definition for
     ‘subGraph’
    updateD2C,D2C : .local: no visible global function definition for
     ‘inEdges’
Flavors: r-patched-linux-x86_64, r-patched-solaris-x86, r-release-linux-x86_64, r-release-windows-ix86+x86_64, r-oldrel-windows-ix86+x86_64

Version: 1.2.1
Flags: --no-build-vignettes
Check: DESCRIPTION meta-information
Result: NOTE
    Malformed Description field: should contain one or more complete sentences.
Flavor: r-patched-solaris-sparc

Version: 1.2.1
Flags: --no-build-vignettes
Check: R code for possible problems
Result: NOTE
    initialize,D2C : .local: warning in sort(IM, decr = TRUE, ind = TRUE):
     partial argument match of 'decr' to 'decreasing'
    updateD2C,D2C : .local: warning in sort(IM, decr = TRUE, ind = TRUE):
     partial argument match of 'decr' to 'decreasing'
    compute,DAG.network : .local: no visible global function definition for
     ‘numNodes’
    compute,DAG.network : .local: no visible global function definition for
     ‘inEdges’
    initialize,D2C : .local: no visible binding for global variable ‘i’
    initialize,D2C : .local: no visible global function definition for
     ‘nodes’
    initialize,D2C : .local: no visible global function definition for
     ‘subGraph’
    initialize,D2C : .local: no visible global function definition for
     ‘inEdges’
    initialize,simulatedDAG : .local: no visible binding for global
     variable ‘i’
    initialize,simulatedDAG : .local: no visible global function definition
     for ‘edges’
    updateD2C,D2C : .local: no visible binding for global variable ‘i’
    updateD2C,D2C : .local: no visible global function definition for
     ‘nodes’
    updateD2C,D2C : .local: no visible global function definition for
     ‘subGraph’
    updateD2C,D2C : .local: no visible global function definition for
     ‘inEdges’
Flavor: r-patched-solaris-sparc