Last updated on 2015-12-29 00:46:30.
Flavor | Version | Tinstall | Tcheck | Ttotal | Status | Flags |
---|---|---|---|---|---|---|
r-devel-linux-x86_64-debian-gcc | 2.2-3 | 1.26 | 11.10 | 12.36 | NOTE | |
r-devel-linux-x86_64-fedora-clang | 2.2-3 | 23.97 | NOTE | |||
r-devel-linux-x86_64-fedora-gcc | 2.2-3 | 22.72 | NOTE | |||
r-devel-osx-x86_64-clang | 2.2-3 | 25.64 | OK | |||
r-devel-windows-ix86+x86_64 | 2.2-3 | 9.00 | 43.00 | 52.00 | NOTE | |
r-patched-linux-x86_64 | 2.2-3 | 1.35 | 11.25 | 12.60 | OK | |
r-patched-solaris-sparc | 2.2-3 | 140.50 | OK | |||
r-patched-solaris-x86 | 2.2-3 | 31.70 | OK | |||
r-release-linux-x86_64 | 2.2-3 | 1.25 | 11.23 | 12.48 | OK | |
r-release-osx-x86_64-mavericks | 2.2-3 | OK | ||||
r-release-windows-ix86+x86_64 | 2.2-3 | 9.00 | 29.00 | 38.00 | OK | |
r-oldrel-windows-ix86+x86_64 | 2.2-3 | 11.00 | 30.00 | 41.00 | OK |
Version: 2.2-3
Check: R code for possible problems
Result: NOTE
DEoptim : fnMapC: no visible global function definition for ‘runif’
plot.DEoptim: no visible global function definition for ‘plot.new’
plot.DEoptim: no visible global function definition for ‘par’
plot.DEoptim: no visible global function definition for ‘devAskNewPage’
plot.DEoptim: no visible global function definition for ‘plot’
plot.DEoptim: no visible global function definition for ‘abline’
plot.DEoptim: no visible global function definition for ‘matplot’
Undefined global functions or variables:
abline devAskNewPage matplot par plot plot.new runif
Consider adding
importFrom("grDevices", "devAskNewPage")
importFrom("graphics", "abline", "matplot", "par", "plot", "plot.new")
importFrom("stats", "runif")
to your NAMESPACE.
Flavors: r-devel-linux-x86_64-debian-gcc, r-devel-linux-x86_64-fedora-clang, r-devel-linux-x86_64-fedora-gcc, r-devel-windows-ix86+x86_64