CRAN Package Check Results for Package EnsembleBase

Last updated on 2015-12-29 00:46:32.

Flavor Version Tinstall Tcheck Ttotal Status Flags
r-devel-linux-x86_64-debian-gcc 0.7.1 3.01 34.62 37.62 NOTE
r-devel-linux-x86_64-fedora-clang 0.7.1 77.00 NOTE
r-devel-linux-x86_64-fedora-gcc 0.7.1 74.69 NOTE
r-devel-osx-x86_64-clang 0.7.1 82.38 OK
r-devel-windows-ix86+x86_64 0.7.1 8.00 62.00 70.00 NOTE
r-patched-linux-x86_64 0.7.1 3.30 36.12 39.43 OK
r-patched-solaris-sparc 0.7.1 486.40 OK
r-patched-solaris-x86 0.7.1 107.30 OK
r-release-linux-x86_64 0.7.1 3.33 35.95 39.28 OK
r-release-osx-x86_64-mavericks 0.7.1 OK
r-release-windows-ix86+x86_64 0.7.1 12.00 64.00 76.00 OK
r-oldrel-windows-ix86+x86_64 0.7.1 22.00 103.00 125.00 OK

Check Details

Version: 0.7.1
Check: R code for possible problems
Result: NOTE
    Regression.Batch.Fit : <anonymous>: no visible global function
     definition for ‘flush.console’
    Regression.Batch.Fit: no visible global function definition for
     ‘flush.console’
    Regression.CV.Batch.Fit : <anonymous>: no visible global function
     definition for ‘flush.console’
    Regression.CV.Batch.Fit: no visible global function definition for
     ‘flush.console’
    Regression.CV.Fit: no visible global function definition for ‘predict’
    Regression.CV.Fit: no visible global function definition for
     ‘flush.console’
    plot.Regression.Batch.FitObj: no visible global function definition for
     ‘plot’
    plot.Regression.Batch.FitObj: no visible global function definition for
     ‘points’
    plot.Regression.Batch.FitObj: no visible global function definition for
     ‘legend’
    plot.Regression.CV.Batch.FitObj: no visible global function definition
     for ‘plot’
    plot.Regression.CV.Batch.FitObj: no visible global function definition
     for ‘points’
    plot.Regression.CV.Batch.FitObj: no visible global function definition
     for ‘legend’
    predict.GBM.Regression.FitObj: no visible global function definition
     for ‘predict’
    predict.NNET.Regression.FitObj: no visible global function definition
     for ‘predict’
    predict.RF.Regression.FitObj: no visible global function definition for
     ‘predict’
    predict.Regression.Batch.FitObj : <anonymous>: no visible global
     function definition for ‘predict’
    predict.Regression.Batch.FitObj: no visible global function definition
     for ‘predict’
    predict.Regression.CV.Batch.FitObj : <anonymous>: no visible global
     function definition for ‘predict’
    predict.Regression.CV.Batch.FitObj: no visible global function
     definition for ‘predict’
    predict.Regression.CV.FitObj : <anonymous>: no visible global function
     definition for ‘predict’
    predict.SVM.Regression.FitObj: no visible global function definition
     for ‘predict’
    predict.SVM.Regression.FitObj: no visible binding for global variable
     ‘na.pass’
    BaseLearner.Fit,GBM.Regression.Config: no visible global function
     definition for ‘predict’
    BaseLearner.Fit,NNET.Regression.Config: no visible global function
     definition for ‘predict’
    BaseLearner.Fit,RF.Regression.Config: no visible global function
     definition for ‘terms’
    BaseLearner.Fit,SVM.Regression.Config: no visible global function
     definition for ‘predict’
    validate,Regression.Batch.FitObj: no visible global function definition
     for ‘predict’
    validate,Regression.Batch.FitObj: no visible global function definition
     for ‘cor’
    validate,Regression.Batch.FitObj: no visible global function definition
     for ‘plot’
    validate,Regression.Batch.FitObj: no visible global function definition
     for ‘points’
    validate,Regression.Batch.FitObj: no visible global function definition
     for ‘legend’
    validate,Regression.CV.Batch.FitObj: no visible global function
     definition for ‘predict’
    validate,Regression.CV.Batch.FitObj: no visible global function
     definition for ‘cor’
    validate,Regression.CV.Batch.FitObj: no visible global function
     definition for ‘plot’
    validate,Regression.CV.Batch.FitObj: no visible global function
     definition for ‘points’
    validate,Regression.CV.Batch.FitObj: no visible global function
     definition for ‘legend’
    Undefined global functions or variables:
     cor flush.console legend na.pass plot points predict terms
    Consider adding
     importFrom("graphics", "legend", "plot", "points")
     importFrom("stats", "cor", "na.pass", "predict", "terms")
     importFrom("utils", "flush.console")
    to your NAMESPACE.
Flavors: r-devel-linux-x86_64-debian-gcc, r-devel-linux-x86_64-fedora-clang, r-devel-linux-x86_64-fedora-gcc, r-devel-windows-ix86+x86_64