CRAN Package Check Results for Package ExceedanceTools

Last updated on 2015-12-29 00:46:32.

Flavor Version Tinstall Tcheck Ttotal Status Flags
r-devel-linux-x86_64-debian-gcc 1.2.2 1.32 19.98 21.30 NOTE
r-devel-linux-x86_64-fedora-clang 1.2.2 39.72 NOTE
r-devel-linux-x86_64-fedora-gcc 1.2.2 38.70 NOTE
r-devel-osx-x86_64-clang 1.2.2 42.78 OK
r-devel-windows-ix86+x86_64 1.2.2 3.00 38.00 41.00 NOTE
r-patched-linux-x86_64 1.2.2 1.50 19.93 21.43 OK
r-patched-solaris-sparc 1.2.2 295.40 OK
r-patched-solaris-x86 1.2.2 61.90 OK
r-release-linux-x86_64 1.2.2 1.15 20.25 21.40 OK
r-release-osx-x86_64-mavericks 1.2.2 OK
r-release-windows-ix86+x86_64 1.2.2 5.00 36.00 41.00 OK
r-oldrel-windows-ix86+x86_64 1.2.2 10.00 56.00 66.00 OK

Check Details

Version: 1.2.2
Check: R code for possible problems
Result: NOTE
    plot.pgrid: no visible global function definition for ‘image’
    statistic.cv: no visible global function definition for ‘quantile’
    statistic.sim: no visible global function definition for ‘contourLines’
    Undefined global functions or variables:
     contourLines image quantile
    Consider adding
     importFrom("grDevices", "contourLines")
     importFrom("graphics", "image")
     importFrom("stats", "quantile")
    to your NAMESPACE.
Flavors: r-devel-linux-x86_64-debian-gcc, r-devel-linux-x86_64-fedora-clang, r-devel-linux-x86_64-fedora-gcc, r-devel-windows-ix86+x86_64