Last updated on 2015-12-29 00:46:41.
Flavor | Version | Tinstall | Tcheck | Ttotal | Status | Flags |
---|---|---|---|---|---|---|
r-devel-linux-x86_64-debian-gcc | 1.1 | 10.28 | 9.71 | 19.99 | NOTE | |
r-devel-linux-x86_64-fedora-clang | 1.1 | 58.81 | NOTE | |||
r-devel-linux-x86_64-fedora-gcc | 1.1 | 38.60 | NOTE | |||
r-devel-osx-x86_64-clang | 1.1 | 50.87 | NOTE | |||
r-devel-windows-ix86+x86_64 | 1.1 | 63.00 | 35.00 | 98.00 | NOTE | |
r-patched-linux-x86_64 | 1.1 | 10.76 | 10.78 | 21.54 | NOTE | |
r-patched-solaris-sparc | 1.1 | 206.10 | NOTE | |||
r-patched-solaris-x86 | 1.1 | 52.10 | NOTE | |||
r-release-linux-x86_64 | 1.1 | 10.14 | 10.14 | 20.28 | NOTE | |
r-release-osx-x86_64-mavericks | 1.1 | NOTE | ||||
r-release-windows-ix86+x86_64 | 1.1 | 79.00 | 32.00 | 111.00 | NOTE | |
r-oldrel-windows-ix86+x86_64 | 1.1 | 93.00 | 36.00 | 129.00 | NOTE |
Version: 1.1
Check: foreign function calls
Result: NOTE
Calls with DUP:
.C("KL_dist", t(X), t(Y), as.integer(k), d, n, m, KLD = double(k),
DUP = FALSE)
.C("KL_divergence", t(X), t(Y), as.integer(k), d, n, m, KL = double(k),
DUP = FALSE)
.C(Cname, t(X), as.integer(k), p, n, MLD = double(k), DUP = FALSE)
.C(Cname, t(data), as.integer(k), d, n, nn.index = integer(n *
k), nn.dist = double(n * k), DUP = FALSE)
.C(Cname, t(data), t(query), as.integer(k), d, n, m, nn.index = integer(m *
k), nn.dist = double(m * k), DUP = FALSE)
.C("mdmutinfo", t(X), t(Y), as.integer(p1), as.integer(p2), as.integer(k),
n, nx = integer(n), ny = integer(n), DUP = FALSE)
DUP is no longer supported and will be ignored.
Flavors: r-devel-linux-x86_64-debian-gcc, r-devel-linux-x86_64-fedora-clang, r-devel-linux-x86_64-fedora-gcc, r-devel-osx-x86_64-clang, r-devel-windows-ix86+x86_64, r-patched-linux-x86_64, r-patched-solaris-sparc, r-patched-solaris-x86, r-release-linux-x86_64, r-release-osx-x86_64-mavericks, r-release-windows-ix86+x86_64
Version: 1.1
Check: foreign function calls
Result: NOTE
Calls with DUP != TRUE:
.C("KL_dist", t(X), t(Y), as.integer(k), d, n, m, KLD = double(k),
DUP = FALSE)
.C("KL_divergence", t(X), t(Y), as.integer(k), d, n, m, KL = double(k),
DUP = FALSE)
.C(Cname, t(X), as.integer(k), p, n, MLD = double(k), DUP = FALSE)
.C(Cname, t(data), as.integer(k), d, n, nn.index = integer(n *
k), nn.dist = double(n * k), DUP = FALSE)
.C(Cname, t(data), t(query), as.integer(k), d, n, m, nn.index = integer(m *
k), nn.dist = double(m * k), DUP = FALSE)
.C("mdmutinfo", t(X), t(Y), as.integer(p1), as.integer(p2), as.integer(k),
n, nx = integer(n), ny = integer(n), DUP = FALSE)
DUP = FALSE is deprecated and will be disabled in future versions of R.
Flavor: r-oldrel-windows-ix86+x86_64