Last updated on 2015-12-29 00:46:40.
Flavor | Version | Tinstall | Tcheck | Ttotal | Status | Flags |
---|---|---|---|---|---|---|
r-devel-linux-x86_64-debian-gcc | 1.1 | 9.08 | 13.71 | 22.80 | NOTE | |
r-devel-linux-x86_64-fedora-clang | 1.1 | 49.07 | NOTE | |||
r-devel-linux-x86_64-fedora-gcc | 1.1 | 45.70 | NOTE | |||
r-devel-osx-x86_64-clang | 1.1 | 46.94 | OK | |||
r-devel-windows-ix86+x86_64 | 1.1 | 30.00 | 46.00 | 76.00 | NOTE | |
r-patched-linux-x86_64 | 1.1 | 9.05 | 15.30 | 24.36 | OK | |
r-patched-solaris-sparc | 1.1 | 290.10 | OK | |||
r-patched-solaris-x86 | 1.1 | 60.50 | OK | |||
r-release-linux-x86_64 | 1.1 | 10.30 | 15.17 | 25.47 | OK | |
r-release-osx-x86_64-mavericks | 1.1 | OK | ||||
r-release-windows-ix86+x86_64 | 1.1 | 39.00 | 42.00 | 81.00 | OK | |
r-oldrel-windows-ix86+x86_64 | 1.1 | 46.00 | 71.00 | 117.00 | OK |
Version: 1.1
Check: R code for possible problems
Result: NOTE
lsmacof: no visible global function definition for ‘cmdscale’
plotInc: no visible global function definition for ‘rainbow’
plotInc: no visible global function definition for ‘plot’
prepareCalib: no visible global function definition for ‘lm’
Undefined global functions or variables:
cmdscale lm plot rainbow
Consider adding
importFrom("grDevices", "rainbow")
importFrom("graphics", "plot")
importFrom("stats", "cmdscale", "lm")
to your NAMESPACE.
Flavors: r-devel-linux-x86_64-debian-gcc, r-devel-linux-x86_64-fedora-clang, r-devel-linux-x86_64-fedora-gcc, r-devel-windows-ix86+x86_64